{"id":13600,"date":"2023-11-02T12:39:36","date_gmt":"2023-11-02T11:39:36","guid":{"rendered":"https:\/\/www.nvssf.com\/forbundet\/?page_id=13600"},"modified":"2023-11-04T16:00:56","modified_gmt":"2023-11-04T15:00:56","slug":"junior-dm-i-snabbschack","status":"publish","type":"page","link":"https:\/\/www.nvssf.com\/forbundet\/resultat\/resultat-2023\/junior-dm-i-snabbschack\/","title":{"rendered":"Junior-DM i snabbschack"},"content":{"rendered":"<p><strong>Spelat l\u00f6rdagen den 4 oktober.<\/strong><\/p>\n<p><strong>Spellokal: <\/strong>Helsingborgs ASK klubblokal, Kullav\u00e4gen 150 (Mariahallen), Helsingborg<\/p>\n<p><strong>Bet\u00e4nketid och spelformat: <\/strong><\/p>\n<ul>\n<li>Nyb\u00f6rjare. Spelades utan klocka. Avd\u00f6mning. 5 ronder monrad<\/li>\n<li>Miniorklassen (f\u00f6dda 2011-) Bet\u00e4nketid 10 minuter + 5 sekunder\/drag. 6 ronder monrad.<\/li>\n<li>Juniorklassen (f\u00f6dda 2003\u2013 ) Bet\u00e4nketid 10 minuter + 5 sekunder\/drag. 6 ronder Schweizer. Elorankad.<\/li>\n<\/ul>\n<h2>Resultat<\/h2>\n<h3>Nyb\u00f6rjare<\/h3>\n<p><a href=\"https:\/\/www.nvssf.com\/forbundet\/wp-content\/uploads\/2023\/11\/JdmSnabb2023NyborjareTabell.png\"><img loading=\"lazy\" decoding=\"async\" class=\"aligncenter size-full wp-image-13712\" src=\"https:\/\/www.nvssf.com\/forbundet\/wp-content\/uploads\/2023\/11\/JdmSnabb2023NyborjareTabell.png\" alt=\"\" width=\"647\" height=\"381\" \/><\/a><\/p>\n<p>L\u00e4nk till nyb\u00f6rjarklassen i SSF&#8217;s t\u00e4vlingssystem: <a href=\"https:\/\/member.schack.se\/ShowTournamentServlet?id=12852\" target=\"_blank\" rel=\"noopener\">https:\/\/member.schack.se\/ShowTournamentServlet?id=12852<\/a><\/p>\n<h3>Miniorer<\/h3>\n<p><a href=\"https:\/\/www.nvssf.com\/forbundet\/wp-content\/uploads\/2023\/11\/JdmSnabb2023MiniorTabell.png\"><img loading=\"lazy\" decoding=\"async\" class=\"aligncenter size-full wp-image-13724\" src=\"https:\/\/www.nvssf.com\/forbundet\/wp-content\/uploads\/2023\/11\/JdmSnabb2023MiniorTabell.png\" alt=\"\" width=\"697\" height=\"340\" \/><\/a><\/p>\n<p>L\u00e4nk till miniorklassen i SSF&#8217;s t\u00e4vlingssystem: <a href=\"https:\/\/member.schack.se\/ShowTournamentServlet?id=12851\" target=\"_blank\" rel=\"noopener\">https:\/\/member.schack.se\/ShowTournamentServlet?id=12851<\/a><\/p>\n<h3>Juniorer<\/h3>\n<p><a href=\"https:\/\/www.nvssf.com\/forbundet\/wp-content\/uploads\/2023\/11\/JdmSnabb2023JuniorTabell.png\"><img loading=\"lazy\" decoding=\"async\" class=\"aligncenter size-full wp-image-13722\" src=\"https:\/\/www.nvssf.com\/forbundet\/wp-content\/uploads\/2023\/11\/JdmSnabb2023JuniorTabell.png\" alt=\"\" width=\"749\" height=\"313\" \/><\/a><br \/>\nL\u00e4nk till juniorklassen i SSF&#8217;s t\u00e4vlingsystem: <a href=\"https:\/\/member.schack.se\/ShowTournamentServlet?id=12850\" target=\"_blank\" rel=\"noopener\">https:\/\/member.schack.se\/ShowTournamentServlet?id=12850<\/a><\/p>\n","protected":false},"excerpt":{"rendered":"<p>Spelat l\u00f6rdagen den 4 oktober. Spellokal: Helsingborgs ASK klubblokal, Kullav\u00e4gen 150 (Mariahallen), Helsingborg Bet\u00e4nketid och spelformat: Nyb\u00f6rjare. Spelades utan klocka. Avd\u00f6mning. 5 ronder monrad Miniorklassen (f\u00f6dda 2011-) Bet\u00e4nketid 10 minuter + 5 sekunder\/drag. 6 ronder monrad. Juniorklassen (f\u00f6dda 2003\u2013 ) &hellip; <a href=\"https:\/\/www.nvssf.com\/forbundet\/resultat\/resultat-2023\/junior-dm-i-snabbschack\/\">Forts\u00e4tt l\u00e4sa <span class=\"meta-nav\">&rarr;<\/span><\/a><\/p>\n","protected":false},"author":2,"featured_media":0,"parent":12648,"menu_order":0,"comment_status":"closed","ping_status":"closed","template":"","meta":{"_acf_changed":false,"footnotes":""},"acf":[],"_links":{"self":[{"href":"https:\/\/www.nvssf.com\/forbundet\/wp-json\/wp\/v2\/pages\/13600"}],"collection":[{"href":"https:\/\/www.nvssf.com\/forbundet\/wp-json\/wp\/v2\/pages"}],"about":[{"href":"https:\/\/www.nvssf.com\/forbundet\/wp-json\/wp\/v2\/types\/page"}],"author":[{"embeddable":true,"href":"https:\/\/www.nvssf.com\/forbundet\/wp-json\/wp\/v2\/users\/2"}],"replies":[{"embeddable":true,"href":"https:\/\/www.nvssf.com\/forbundet\/wp-json\/wp\/v2\/comments?post=13600"}],"version-history":[{"count":10,"href":"https:\/\/www.nvssf.com\/forbundet\/wp-json\/wp\/v2\/pages\/13600\/revisions"}],"predecessor-version":[{"id":13725,"href":"https:\/\/www.nvssf.com\/forbundet\/wp-json\/wp\/v2\/pages\/13600\/revisions\/13725"}],"up":[{"embeddable":true,"href":"https:\/\/www.nvssf.com\/forbundet\/wp-json\/wp\/v2\/pages\/12648"}],"wp:attachment":[{"href":"https:\/\/www.nvssf.com\/forbundet\/wp-json\/wp\/v2\/media?parent=13600"}],"curies":[{"name":"wp","href":"https:\/\/api.w.org\/{rel}","templated":true}]}}