{"id":14761,"date":"2025-05-04T00:27:24","date_gmt":"2025-05-03T22:27:24","guid":{"rendered":"https:\/\/www.nvssf.com\/forbundet\/?page_id=14761"},"modified":"2025-05-04T00:45:25","modified_gmt":"2025-05-03T22:45:25","slug":"junior-dm-var-nyborjarklass","status":"publish","type":"page","link":"https:\/\/www.nvssf.com\/forbundet\/resultat\/resultat-2025\/junior-dm-var-nyborjarklass\/","title":{"rendered":"Junior-DM v\u00e5r nyb\u00f6rjarklass 2025"},"content":{"rendered":"<p><strong>Arrang\u00f6r:<\/strong> Nordv\u00e4stra Sk\u00e5nes Schackf\u00f6rbund<\/p>\n<p><strong>Spellokal:<\/strong>\u00a0Mariahallen, Kullav\u00e4gen 150, Helsingborg<\/p>\n<p><strong>Speldatum:<\/strong> 3 maj 2025<\/p>\n<p><strong>T\u00e4vlingssystem:<\/strong> 5 ronder monrad, Avd\u00f6mning, 3-2-1 po\u00e4ngsystem<\/p>\n<table style=\"border-collapse: collapse; width: 100%;\" border=\"1\">\n<tbody>\n<tr>\n<td style=\"width: 8.56164%;\">1.<\/td>\n<td style=\"width: 36.1302%;\">Aarav Goel<\/td>\n<td style=\"width: 24.8287%;\">Helsingborgs ASK<\/td>\n<td style=\"width: 30.4795%;\">14<\/td>\n<\/tr>\n<tr>\n<td style=\"width: 8.56164%;\">2.<\/td>\n<td style=\"width: 36.1302%;\">Bhavik Sai Setikam<\/td>\n<td style=\"width: 24.8287%;\">Helsingborgs ASK<\/td>\n<td style=\"width: 30.4795%;\">13 42 KvP Inb.<\/td>\n<\/tr>\n<tr>\n<td style=\"width: 8.56164%;\">3.<\/td>\n<td style=\"width: 36.1302%;\">Ilanjcetceni Dilipaw Kirthika<\/td>\n<td style=\"width: 24.8287%;\">Helsingborgs ASK<\/td>\n<td style=\"width: 30.4795%;\">13 42 KvP<\/td>\n<\/tr>\n<tr>\n<td style=\"width: 8.56164%;\">4.<\/td>\n<td style=\"width: 36.1302%;\">Liam Andersson<\/td>\n<td style=\"width: 24.8287%;\">Helsingborgs ASK<\/td>\n<td style=\"width: 30.4795%;\">13 40 KvP<\/td>\n<\/tr>\n<tr>\n<td style=\"width: 8.56164%;\">5.<\/td>\n<td style=\"width: 36.1302%;\">Vihaan Manwe<\/td>\n<td style=\"width: 24.8287%;\">Helsingborgs ASK<\/td>\n<td style=\"width: 30.4795%;\">12<\/td>\n<\/tr>\n<tr>\n<td style=\"width: 8.56164%;\">6-7<\/td>\n<td style=\"width: 36.1302%;\">Samadrita Guharoy<\/td>\n<td style=\"width: 24.8287%;\">Helsingborgs ASK<\/td>\n<td style=\"width: 30.4795%;\">11<\/td>\n<\/tr>\n<tr>\n<td style=\"width: 8.56164%;\">6-7<\/td>\n<td style=\"width: 36.1302%;\">Niki H\u00e5rd<\/td>\n<td style=\"width: 24.8287%;\">Landskrona SK<\/td>\n<td style=\"width: 30.4795%;\">11<\/td>\n<\/tr>\n<tr>\n<td style=\"width: 8.56164%;\">8-13<\/td>\n<td style=\"width: 36.1302%;\">Pranav Vutukuri<\/td>\n<td style=\"width: 24.8287%;\">Helsingborgs ASK<\/td>\n<td style=\"width: 30.4795%;\">9<\/td>\n<\/tr>\n<tr>\n<td style=\"width: 8.56164%;\">8-13<\/td>\n<td style=\"width: 36.1302%;\">Jeevesh Sathish<\/td>\n<td style=\"width: 24.8287%;\">Helsingborgs ASK<\/td>\n<td style=\"width: 30.4795%;\">9<\/td>\n<\/tr>\n<tr>\n<td style=\"width: 8.56164%;\">8-13<\/td>\n<td style=\"width: 36.1302%;\">Mokshath Yanamadala<\/td>\n<td style=\"width: 24.8287%;\">Helsingborgs ASK<\/td>\n<td style=\"width: 30.4795%;\">9<\/td>\n<\/tr>\n<tr>\n<td style=\"width: 8.56164%;\">8-13<\/td>\n<td style=\"width: 36.1302%;\">Naina Palla<\/td>\n<td style=\"width: 24.8287%;\">Helsingborgs ASK<\/td>\n<td style=\"width: 30.4795%;\">9<\/td>\n<\/tr>\n<tr>\n<td style=\"width: 8.56164%;\">8-13<\/td>\n<td style=\"width: 36.1302%;\">Vivaann Manwe<\/td>\n<td style=\"width: 24.8287%;\">Helsingborgs ASK<\/td>\n<td style=\"width: 30.4795%;\">9<\/td>\n<\/tr>\n<tr>\n<td style=\"width: 8.56164%;\">8-13<\/td>\n<td style=\"width: 36.1302%;\">Shiraksh Thalwar<\/td>\n<td style=\"width: 24.8287%;\">Helsingborgs ASK<\/td>\n<td style=\"width: 30.4795%;\">9<\/td>\n<\/tr>\n<tr>\n<td style=\"width: 8.56164%;\">14-16<\/td>\n<td style=\"width: 36.1302%;\">Nova Tegsell<\/td>\n<td style=\"width: 24.8287%;\">Helsingborgs ASK<\/td>\n<td style=\"width: 30.4795%;\">7<\/td>\n<\/tr>\n<tr>\n<td style=\"width: 8.56164%;\">14-16<\/td>\n<td style=\"width: 36.1302%;\">Manvi Verma Patta<\/td>\n<td style=\"width: 24.8287%;\">Helsingborgs ASK<\/td>\n<td style=\"width: 30.4795%;\">7<\/td>\n<\/tr>\n<tr>\n<td style=\"width: 8.56164%;\">14-16<\/td>\n<td style=\"width: 36.1302%;\">Indira Arumugavel<\/td>\n<td style=\"width: 24.8287%;\"><\/td>\n<td style=\"width: 30.4795%;\">7<\/td>\n<\/tr>\n<\/tbody>\n<\/table>\n","protected":false},"excerpt":{"rendered":"<p>Arrang\u00f6r: Nordv\u00e4stra Sk\u00e5nes Schackf\u00f6rbund Spellokal:\u00a0Mariahallen, Kullav\u00e4gen 150, Helsingborg Speldatum: 3 maj 2025 T\u00e4vlingssystem: 5 ronder monrad, Avd\u00f6mning, 3-2-1 po\u00e4ngsystem 1. Aarav Goel Helsingborgs ASK 14 2. Bhavik Sai Setikam Helsingborgs ASK 13 42 KvP Inb. 3. Ilanjcetceni Dilipaw Kirthika Helsingborgs &hellip; <a href=\"https:\/\/www.nvssf.com\/forbundet\/resultat\/resultat-2025\/junior-dm-var-nyborjarklass\/\">Forts\u00e4tt l\u00e4sa <span class=\"meta-nav\">&rarr;<\/span><\/a><\/p>\n","protected":false},"author":9,"featured_media":0,"parent":14759,"menu_order":0,"comment_status":"closed","ping_status":"closed","template":"","meta":{"_acf_changed":false,"footnotes":""},"acf":[],"_links":{"self":[{"href":"https:\/\/www.nvssf.com\/forbundet\/wp-json\/wp\/v2\/pages\/14761"}],"collection":[{"href":"https:\/\/www.nvssf.com\/forbundet\/wp-json\/wp\/v2\/pages"}],"about":[{"href":"https:\/\/www.nvssf.com\/forbundet\/wp-json\/wp\/v2\/types\/page"}],"author":[{"embeddable":true,"href":"https:\/\/www.nvssf.com\/forbundet\/wp-json\/wp\/v2\/users\/9"}],"replies":[{"embeddable":true,"href":"https:\/\/www.nvssf.com\/forbundet\/wp-json\/wp\/v2\/comments?post=14761"}],"version-history":[{"count":3,"href":"https:\/\/www.nvssf.com\/forbundet\/wp-json\/wp\/v2\/pages\/14761\/revisions"}],"predecessor-version":[{"id":14764,"href":"https:\/\/www.nvssf.com\/forbundet\/wp-json\/wp\/v2\/pages\/14761\/revisions\/14764"}],"up":[{"embeddable":true,"href":"https:\/\/www.nvssf.com\/forbundet\/wp-json\/wp\/v2\/pages\/14759"}],"wp:attachment":[{"href":"https:\/\/www.nvssf.com\/forbundet\/wp-json\/wp\/v2\/media?parent=14761"}],"curies":[{"name":"wp","href":"https:\/\/api.w.org\/{rel}","templated":true}]}}