{"id":14765,"date":"2025-05-04T00:53:57","date_gmt":"2025-05-03T22:53:57","guid":{"rendered":"https:\/\/www.nvssf.com\/forbundet\/?page_id=14765"},"modified":"2025-05-04T00:53:57","modified_gmt":"2025-05-03T22:53:57","slug":"junior-dm-var-miniorer-och-juniorer-2025","status":"publish","type":"page","link":"https:\/\/www.nvssf.com\/forbundet\/resultat\/resultat-2025\/junior-dm-var-miniorer-och-juniorer-2025\/","title":{"rendered":"Junior-DM v\u00e5r miniorer och juniorer 2025"},"content":{"rendered":"<p><strong>Arrang\u00f6r:<\/strong>\u00a0Nordv\u00e4stra Sk\u00e5nes Schackf\u00f6rbund<\/p>\n<p><strong>Spellokal:<\/strong>\u00a0Mariahallen, Kullav\u00e4gen 150, Helsingborg<\/p>\n<p><strong>Speldatum:<\/strong>\u00a03 maj 2025<\/p>\n<p><strong>Bet\u00e4nketid:<\/strong> 15 minuter + 5 sekunder\/drag<\/p>\n<p>Resultaten finns h\u00e4r:<\/p>\n<p><a href=\"https:\/\/member.schack.se\/ShowTournamentServlet?id=16071\" target=\"_blank\" rel=\"noopener\">Miniorklass<\/a><br \/>\n<a href=\"https:\/\/member.schack.se\/ShowTournamentServlet?id=16070\" target=\"_blank\" rel=\"noopener\">Juniorklass<\/a><\/p>\n","protected":false},"excerpt":{"rendered":"<p>Arrang\u00f6r:\u00a0Nordv\u00e4stra Sk\u00e5nes Schackf\u00f6rbund Spellokal:\u00a0Mariahallen, Kullav\u00e4gen 150, Helsingborg Speldatum:\u00a03 maj 2025 Bet\u00e4nketid: 15 minuter + 5 sekunder\/drag Resultaten finns h\u00e4r: Miniorklass Juniorklass<\/p>\n","protected":false},"author":9,"featured_media":0,"parent":14759,"menu_order":0,"comment_status":"closed","ping_status":"closed","template":"","meta":{"_acf_changed":false,"footnotes":""},"acf":[],"_links":{"self":[{"href":"https:\/\/www.nvssf.com\/forbundet\/wp-json\/wp\/v2\/pages\/14765"}],"collection":[{"href":"https:\/\/www.nvssf.com\/forbundet\/wp-json\/wp\/v2\/pages"}],"about":[{"href":"https:\/\/www.nvssf.com\/forbundet\/wp-json\/wp\/v2\/types\/page"}],"author":[{"embeddable":true,"href":"https:\/\/www.nvssf.com\/forbundet\/wp-json\/wp\/v2\/users\/9"}],"replies":[{"embeddable":true,"href":"https:\/\/www.nvssf.com\/forbundet\/wp-json\/wp\/v2\/comments?post=14765"}],"version-history":[{"count":1,"href":"https:\/\/www.nvssf.com\/forbundet\/wp-json\/wp\/v2\/pages\/14765\/revisions"}],"predecessor-version":[{"id":14766,"href":"https:\/\/www.nvssf.com\/forbundet\/wp-json\/wp\/v2\/pages\/14765\/revisions\/14766"}],"up":[{"embeddable":true,"href":"https:\/\/www.nvssf.com\/forbundet\/wp-json\/wp\/v2\/pages\/14759"}],"wp:attachment":[{"href":"https:\/\/www.nvssf.com\/forbundet\/wp-json\/wp\/v2\/media?parent=14765"}],"curies":[{"name":"wp","href":"https:\/\/api.w.org\/{rel}","templated":true}]}}