{"id":14779,"date":"2025-05-05T12:45:55","date_gmt":"2025-05-05T10:45:55","guid":{"rendered":"https:\/\/www.nvssf.com\/forbundet\/?page_id=14779"},"modified":"2025-05-05T12:45:55","modified_gmt":"2025-05-05T10:45:55","slug":"schack4an-distriktsfinal-2025","status":"publish","type":"page","link":"https:\/\/www.nvssf.com\/forbundet\/resultat\/resultat-2025\/schack4an-distriktsfinal-2025\/","title":{"rendered":"Schack4an distriktsfinal 2025"},"content":{"rendered":"<p><strong>Arrang\u00f6r:<\/strong>\u00a0Nordv\u00e4stra Sk\u00e5nes Schackf\u00f6rbund<\/p>\n<p><strong>Spellokal:<\/strong> Idrottens hus (B-hallen) Mellersta Stenbocksgatan 10 Helsingborg<\/p>\n<p><strong>Speldatum:<\/strong> 11 april 2025<\/p>\n<p><strong>T\u00e4vlingssystem: <\/strong>Klasst\u00e4vling, 4 ronder, Avd\u00f6mning, 3-2-1 po\u00e4ngsystem<\/p>\n<p><strong>T\u00e4vlande:<\/strong> 219 deltagare<\/p>\n<table border=\"1\">\n<tbody>\n<tr>\n<td>1<\/td>\n<td>B\u00e5stads Montessori<\/td>\n<td>323<\/td>\n<\/tr>\n<tr>\n<td>2<\/td>\n<td>Hagan\u00e4sskolan 4B<\/td>\n<td>321<\/td>\n<\/tr>\n<tr>\n<td>3<\/td>\n<td>Husensj\u00f6 skola 4B<\/td>\n<td>315<\/td>\n<\/tr>\n<tr>\n<td>4<\/td>\n<td>Slottsh\u00f6jdens skola<\/td>\n<td>314<\/td>\n<\/tr>\n<tr>\n<td>5<\/td>\n<td>Hagan\u00e4sskolan 4A<\/td>\n<td>313<\/td>\n<\/tr>\n<tr>\n<td>6<\/td>\n<td>Noblaskolan 4:2<\/td>\n<td>310<\/td>\n<\/tr>\n<tr>\n<td>7<\/td>\n<td>Husensj\u00f6 skola 4C<\/td>\n<td>292<\/td>\n<\/tr>\n<tr>\n<td>8<\/td>\n<td>Noblaskolan 4:1<\/td>\n<td>278<\/td>\n<\/tr>\n<tr>\n<td>9<\/td>\n<td>Lunnaskolan<\/td>\n<td>276<\/td>\n<\/tr>\n<tr>\n<td>10<\/td>\n<td>Husensj\u00f6 skola 4A<\/td>\n<td>252<\/td>\n<\/tr>\n<tr>\n<td>11<\/td>\n<td>Tellus Montessori<\/td>\n<td>218<\/td>\n<\/tr>\n<\/tbody>\n<\/table>\n","protected":false},"excerpt":{"rendered":"<p>Arrang\u00f6r:\u00a0Nordv\u00e4stra Sk\u00e5nes Schackf\u00f6rbund Spellokal: Idrottens hus (B-hallen) Mellersta Stenbocksgatan 10 Helsingborg Speldatum: 11 april 2025 T\u00e4vlingssystem: Klasst\u00e4vling, 4 ronder, Avd\u00f6mning, 3-2-1 po\u00e4ngsystem T\u00e4vlande: 219 deltagare 1 B\u00e5stads Montessori 323 2 Hagan\u00e4sskolan 4B 321 3 Husensj\u00f6 skola 4B 315 4 Slottsh\u00f6jdens &hellip; <a href=\"https:\/\/www.nvssf.com\/forbundet\/resultat\/resultat-2025\/schack4an-distriktsfinal-2025\/\">Forts\u00e4tt l\u00e4sa <span class=\"meta-nav\">&rarr;<\/span><\/a><\/p>\n","protected":false},"author":9,"featured_media":0,"parent":14759,"menu_order":0,"comment_status":"closed","ping_status":"closed","template":"","meta":{"_acf_changed":false,"footnotes":""},"acf":[],"_links":{"self":[{"href":"https:\/\/www.nvssf.com\/forbundet\/wp-json\/wp\/v2\/pages\/14779"}],"collection":[{"href":"https:\/\/www.nvssf.com\/forbundet\/wp-json\/wp\/v2\/pages"}],"about":[{"href":"https:\/\/www.nvssf.com\/forbundet\/wp-json\/wp\/v2\/types\/page"}],"author":[{"embeddable":true,"href":"https:\/\/www.nvssf.com\/forbundet\/wp-json\/wp\/v2\/users\/9"}],"replies":[{"embeddable":true,"href":"https:\/\/www.nvssf.com\/forbundet\/wp-json\/wp\/v2\/comments?post=14779"}],"version-history":[{"count":1,"href":"https:\/\/www.nvssf.com\/forbundet\/wp-json\/wp\/v2\/pages\/14779\/revisions"}],"predecessor-version":[{"id":14780,"href":"https:\/\/www.nvssf.com\/forbundet\/wp-json\/wp\/v2\/pages\/14779\/revisions\/14780"}],"up":[{"embeddable":true,"href":"https:\/\/www.nvssf.com\/forbundet\/wp-json\/wp\/v2\/pages\/14759"}],"wp:attachment":[{"href":"https:\/\/www.nvssf.com\/forbundet\/wp-json\/wp\/v2\/media?parent=14779"}],"curies":[{"name":"wp","href":"https:\/\/api.w.org\/{rel}","templated":true}]}}