{"id":2640,"date":"2016-03-19T09:03:10","date_gmt":"2016-03-19T08:03:10","guid":{"rendered":"http:\/\/www.nvssf.com\/forbundet\/?page_id=2640"},"modified":"2016-04-27T01:32:34","modified_gmt":"2016-04-26T23:32:34","slug":"kval-till-talangjakten-2016","status":"publish","type":"page","link":"https:\/\/www.nvssf.com\/forbundet\/resultat\/resultat-2016\/kval-till-talangjakten-2016\/","title":{"rendered":"Kval till Talangjakten 2016"},"content":{"rendered":"<h2>L\u00e5gstadiet<\/h2>\n\n<table id=\"tablepress-16\" class=\"tablepress tablepress-id-16\">\n<thead>\n<tr class=\"row-1\">\n\t<th class=\"column-1\">Nr<\/th><th class=\"column-2\">Namn<\/th><th class=\"column-3\">1<\/th><th class=\"column-4\">2<\/th><th class=\"column-5\">3<\/th><th class=\"column-6\">4<\/th><th class=\"column-7\">5<\/th><th class=\"column-8\">6<\/th><th class=\"column-9\">Po\u00e4ng<\/th><th class=\"column-10\">Plats<\/th>\n<\/tr>\n<\/thead>\n<tbody class=\"row-striping row-hover\">\n<tr class=\"row-2\">\n\t<td class=\"column-1\">1<\/td><td class=\"column-2\">Ylva Jussila<\/td><td class=\"column-3\">*<\/td><td class=\"column-4\">0<\/td><td class=\"column-5\">0<\/td><td class=\"column-6\">1<\/td><td class=\"column-7\">1<\/td><td class=\"column-8\">1<\/td><td class=\"column-9\">3<\/td><td class=\"column-10\">III<\/td>\n<\/tr>\n<tr class=\"row-3\">\n\t<td class=\"column-1\">2<\/td><td class=\"column-2\">Sixten Wallin<\/td><td class=\"column-3\">1<\/td><td class=\"column-4\">*<\/td><td class=\"column-5\">\u00bd<\/td><td class=\"column-6\">1<\/td><td class=\"column-7\">1<\/td><td class=\"column-8\">1<\/td><td class=\"column-9\">4\u00bd<\/td><td class=\"column-10\">I<\/td>\n<\/tr>\n<tr class=\"row-4\">\n\t<td class=\"column-1\">3<\/td><td class=\"column-2\">Viggo Wallin<\/td><td class=\"column-3\">1<\/td><td class=\"column-4\">\u00bd<\/td><td class=\"column-5\">*<\/td><td class=\"column-6\">1<\/td><td class=\"column-7\">1<\/td><td class=\"column-8\">1<\/td><td class=\"column-9\">4\u00bd<\/td><td class=\"column-10\">II<\/td>\n<\/tr>\n<tr class=\"row-5\">\n\t<td class=\"column-1\">4<\/td><td class=\"column-2\">Lowe Gottschalk<\/td><td class=\"column-3\">0<\/td><td class=\"column-4\">0<\/td><td class=\"column-5\">0<\/td><td class=\"column-6\">*<\/td><td class=\"column-7\">0<\/td><td class=\"column-8\">0<\/td><td class=\"column-9\">0<\/td><td class=\"column-10\">6<\/td>\n<\/tr>\n<tr class=\"row-6\">\n\t<td class=\"column-1\">5<\/td><td class=\"column-2\">Adrian Xhaini<\/td><td class=\"column-3\">0<\/td><td class=\"column-4\">0<\/td><td class=\"column-5\">0<\/td><td class=\"column-6\">1<\/td><td class=\"column-7\">*<\/td><td class=\"column-8\">0<\/td><td class=\"column-9\">1<\/td><td class=\"column-10\">5<\/td>\n<\/tr>\n<tr class=\"row-7\">\n\t<td class=\"column-1\">6<\/td><td class=\"column-2\">Vera Jussila<\/td><td class=\"column-3\">0<\/td><td class=\"column-4\">0<\/td><td class=\"column-5\">0<\/td><td class=\"column-6\">1<\/td><td class=\"column-7\">1<\/td><td class=\"column-8\">*<\/td><td class=\"column-9\">2<\/td><td class=\"column-10\">4<\/td>\n<\/tr>\n<\/tbody>\n<\/table>\n<!-- #tablepress-16 from cache -->\n<p>Sixten Wallin f\u00f6rklarades som segrare efter s\u00e4rspel d\u00e4r han segrade med 2 &#8211; 1 mot sin kusin Viggo.<\/p>\n<h2>Mellanstadiet<\/h2>\n\n<table id=\"tablepress-17\" class=\"tablepress tablepress-id-17\">\n<thead>\n<tr class=\"row-1\">\n\t<th class=\"column-1\">Plac<\/th><th class=\"column-2\">Namn<\/th><th class=\"column-3\">Po\u00e4ng<\/th>\n<\/tr>\n<\/thead>\n<tbody class=\"row-striping row-hover\">\n<tr class=\"row-2\">\n\t<td class=\"column-1\">1<\/td><td class=\"column-2\">Tomasz Szczepanowski<\/td><td class=\"column-3\">4<\/td>\n<\/tr>\n<tr class=\"row-3\">\n\t<td class=\"column-1\">2<\/td><td class=\"column-2\">Oskar Wu<\/td><td class=\"column-3\">3<\/td>\n<\/tr>\n<tr class=\"row-4\">\n\t<td class=\"column-1\">3<\/td><td class=\"column-2\">George Bobocea<\/td><td class=\"column-3\">3<\/td>\n<\/tr>\n<tr class=\"row-5\">\n\t<td class=\"column-1\">4<\/td><td class=\"column-2\">Samuel Larsson<\/td><td class=\"column-3\">2<\/td>\n<\/tr>\n<tr class=\"row-6\">\n\t<td class=\"column-1\">5-6<\/td><td class=\"column-2\">Annie Dahlberg<\/td><td class=\"column-3\">2<\/td>\n<\/tr>\n<tr class=\"row-7\">\n\t<td class=\"column-1\">5-6<\/td><td class=\"column-2\">Eszter Enyecli<\/td><td class=\"column-3\">2<\/td>\n<\/tr>\n<tr class=\"row-8\">\n\t<td class=\"column-1\">7<\/td><td class=\"column-2\">Markus Mena<\/td><td class=\"column-3\">2<\/td>\n<\/tr>\n<tr class=\"row-9\">\n\t<td class=\"column-1\">8<\/td><td class=\"column-2\">Tess Jussila<\/td><td class=\"column-3\">1<\/td>\n<\/tr>\n<tr class=\"row-10\">\n\t<td class=\"column-1\">9<\/td><td class=\"column-2\">Peter Enyecli<\/td><td class=\"column-3\">1<\/td>\n<\/tr>\n<tr class=\"row-11\">\n\t<td class=\"column-1\">10<\/td><td class=\"column-2\">Tarek Bacsik<\/td><td class=\"column-3\">0<\/td>\n<\/tr>\n<\/tbody>\n<\/table>\n<!-- #tablepress-17 from cache -->\n<h2>Kval 2 (V\u00e4stra Berga)<\/h2>\n<p><a href=\"https:\/\/www.nvssf.com\/forbundet\/wp-content\/uploads\/2016\/04\/talangjaktkvalvastraberga2016.png\" rel=\"attachment wp-att-2803\"><img loading=\"lazy\" decoding=\"async\" class=\"alignleft size-full wp-image-2803\" src=\"https:\/\/www.nvssf.com\/forbundet\/wp-content\/uploads\/2016\/04\/talangjaktkvalvastraberga2016.png\" alt=\"talangjaktkvalvastraberga2016\" width=\"1010\" height=\"756\" srcset=\"https:\/\/www.nvssf.com\/forbundet\/wp-content\/uploads\/2016\/04\/talangjaktkvalvastraberga2016.png 1010w, https:\/\/www.nvssf.com\/forbundet\/wp-content\/uploads\/2016\/04\/talangjaktkvalvastraberga2016-300x225.png 300w, https:\/\/www.nvssf.com\/forbundet\/wp-content\/uploads\/2016\/04\/talangjaktkvalvastraberga2016-768x575.png 768w, https:\/\/www.nvssf.com\/forbundet\/wp-content\/uploads\/2016\/04\/talangjaktkvalvastraberga2016-401x300.png 401w\" sizes=\"(max-width: 1010px) 100vw, 1010px\" \/><\/a><\/p>\n","protected":false},"excerpt":{"rendered":"<p>L\u00e5gstadiet Sixten Wallin f\u00f6rklarades som segrare efter s\u00e4rspel d\u00e4r han segrade med 2 &#8211; 1 mot sin kusin Viggo. Mellanstadiet Kval 2 (V\u00e4stra Berga)<\/p>\n","protected":false},"author":2,"featured_media":0,"parent":2407,"menu_order":0,"comment_status":"open","ping_status":"closed","template":"sidebar-page.php","meta":{"_acf_changed":false,"footnotes":""},"acf":[],"_links":{"self":[{"href":"https:\/\/www.nvssf.com\/forbundet\/wp-json\/wp\/v2\/pages\/2640"}],"collection":[{"href":"https:\/\/www.nvssf.com\/forbundet\/wp-json\/wp\/v2\/pages"}],"about":[{"href":"https:\/\/www.nvssf.com\/forbundet\/wp-json\/wp\/v2\/types\/page"}],"author":[{"embeddable":true,"href":"https:\/\/www.nvssf.com\/forbundet\/wp-json\/wp\/v2\/users\/2"}],"replies":[{"embeddable":true,"href":"https:\/\/www.nvssf.com\/forbundet\/wp-json\/wp\/v2\/comments?post=2640"}],"version-history":[{"count":1,"href":"https:\/\/www.nvssf.com\/forbundet\/wp-json\/wp\/v2\/pages\/2640\/revisions"}],"predecessor-version":[{"id":2808,"href":"https:\/\/www.nvssf.com\/forbundet\/wp-json\/wp\/v2\/pages\/2640\/revisions\/2808"}],"up":[{"embeddable":true,"href":"https:\/\/www.nvssf.com\/forbundet\/wp-json\/wp\/v2\/pages\/2407"}],"wp:attachment":[{"href":"https:\/\/www.nvssf.com\/forbundet\/wp-json\/wp\/v2\/media?parent=2640"}],"curies":[{"name":"wp","href":"https:\/\/api.w.org\/{rel}","templated":true}]}}