{"id":3948,"date":"2017-03-20T15:43:06","date_gmt":"2017-03-20T14:43:06","guid":{"rendered":"http:\/\/www.nvssf.com\/forbundet\/?page_id=3948"},"modified":"2017-06-14T10:58:18","modified_gmt":"2017-06-14T08:58:18","slug":"resultat-2017","status":"publish","type":"page","link":"https:\/\/www.nvssf.com\/forbundet\/resultat\/resultat-2017\/","title":{"rendered":"Resultat 2017"},"content":{"rendered":"\n<!-- Page-list plugin v.5.9 wordpress.org\/plugins\/page-list\/ -->\n<ul class=\"page-list \">\n<li class=\"page_item page-item-5466\"><a href=\"https:\/\/www.nvssf.com\/forbundet\/resultat\/resultat-2017\/skrombergas-mellandagsturnering-2017\/\">Skrombergas mellandagsturnering 2017<\/a><\/li>\n<li class=\"page_item page-item-5159 page_item_has_children\"><a href=\"https:\/\/www.nvssf.com\/forbundet\/resultat\/resultat-2017\/junior-dm-snabbschack-2017\/\">Junior-DM Snabbschack 2017<\/a>\n<ul class='children'>\n\t<li class=\"page_item page-item-5212\"><a href=\"https:\/\/www.nvssf.com\/forbundet\/resultat\/resultat-2017\/junior-dm-snabbschack-2017\/knattar-miniorer\/\">Snabbschacks-DM Knattar &#038; Miniorer<\/a><\/li>\n\t<li class=\"page_item page-item-5164\"><a href=\"https:\/\/www.nvssf.com\/forbundet\/resultat\/resultat-2017\/junior-dm-snabbschack-2017\/elitgruppen\/\">Snabbschacks-DM Elitgruppen<\/a><\/li>\n\t<li class=\"page_item page-item-5162\"><a href=\"https:\/\/www.nvssf.com\/forbundet\/resultat\/resultat-2017\/junior-dm-snabbschack-2017\/chess-kids\/\">Snabbschacks-DM Chess Kids<\/a><\/li>\n<\/ul>\n<\/li>\n<li class=\"page_item page-item-5001 page_item_has_children\"><a href=\"https:\/\/www.nvssf.com\/forbundet\/resultat\/resultat-2017\/nordvastra-skanes-distriktsserie-2017-2018\/\">Nordv\u00e4stra Sk\u00e5nes Distriktsserie 2017-2018<\/a>\n<ul class='children'>\n\t<li class=\"page_item page-item-5016\"><a href=\"https:\/\/www.nvssf.com\/forbundet\/resultat\/resultat-2017\/nordvastra-skanes-distriktsserie-2017-2018\/matchlistor-rond-6\/\">Matchlistor rond 6<\/a><\/li>\n\t<li class=\"page_item page-item-5014\"><a href=\"https:\/\/www.nvssf.com\/forbundet\/resultat\/resultat-2017\/nordvastra-skanes-distriktsserie-2017-2018\/matchlistor-rond-5\/\">Matchlistor rond 5<\/a><\/li>\n\t<li class=\"page_item page-item-5012\"><a href=\"https:\/\/www.nvssf.com\/forbundet\/resultat\/resultat-2017\/nordvastra-skanes-distriktsserie-2017-2018\/matchlistor-rond-4\/\">Matchlistor rond 4<\/a><\/li>\n\t<li class=\"page_item page-item-5009\"><a href=\"https:\/\/www.nvssf.com\/forbundet\/resultat\/resultat-2017\/nordvastra-skanes-distriktsserie-2017-2018\/matchlistor-rond-3\/\">Matchlistor rond 3<\/a><\/li>\n\t<li class=\"page_item page-item-5005\"><a href=\"https:\/\/www.nvssf.com\/forbundet\/resultat\/resultat-2017\/nordvastra-skanes-distriktsserie-2017-2018\/matchlistor-rond-2\/\">Matchlistor rond 2<\/a><\/li>\n\t<li class=\"page_item page-item-5003\"><a href=\"https:\/\/www.nvssf.com\/forbundet\/resultat\/resultat-2017\/nordvastra-skanes-distriktsserie-2017-2018\/matchlistor-rond-1\/\">Matchlistor rond 1<\/a><\/li>\n<\/ul>\n<\/li>\n<li class=\"page_item page-item-4865\"><a href=\"https:\/\/www.nvssf.com\/forbundet\/resultat\/resultat-2017\/6-klubbsmatchen-2017\/\">6-klubbsmatchen 2017<\/a><\/li>\n<li class=\"page_item page-item-4835 page_item_has_children\"><a href=\"https:\/\/www.nvssf.com\/forbundet\/resultat\/resultat-2017\/oppna-skanska-skolmasterskapen\/\">\u00d6ppna Sk\u00e5nska skolm\u00e4sterskapen<\/a>\n<ul class='children'>\n\t<li class=\"page_item page-item-4843\"><a href=\"https:\/\/www.nvssf.com\/forbundet\/resultat\/resultat-2017\/oppna-skanska-skolmasterskapen\/yngre-miniorer-2007\/\">Yngre Miniorer (2007-)<\/a><\/li>\n\t<li class=\"page_item page-item-4841\"><a href=\"https:\/\/www.nvssf.com\/forbundet\/resultat\/resultat-2017\/oppna-skanska-skolmasterskapen\/miniorer-2005-2006\/\">Miniorer (2005-2006)<\/a><\/li>\n\t<li class=\"page_item page-item-4839\"><a href=\"https:\/\/www.nvssf.com\/forbundet\/resultat\/resultat-2017\/oppna-skanska-skolmasterskapen\/kadetter-2001-2004\/\">Kadetter (2001-2004)<\/a><\/li>\n\t<li class=\"page_item page-item-4837\"><a href=\"https:\/\/www.nvssf.com\/forbundet\/resultat\/resultat-2017\/oppna-skanska-skolmasterskapen\/juniorer-1997-2000\/\">Juniorer (1997-2000)<\/a><\/li>\n<\/ul>\n<\/li>\n<li class=\"page_item page-item-4275\"><a href=\"https:\/\/www.nvssf.com\/forbundet\/resultat\/resultat-2017\/nvssf-blixtavslutning\/\">NvSSF Blixtavslutning<\/a><\/li>\n<li class=\"page_item page-item-4140\"><a href=\"https:\/\/www.nvssf.com\/forbundet\/resultat\/resultat-2017\/junior-dm-juniorerknattar-2017\/\">Junior-DM Juniorer\/Knattar 2017<\/a><\/li>\n<li class=\"page_item page-item-4133\"><a href=\"https:\/\/www.nvssf.com\/forbundet\/resultat\/resultat-2017\/junior-dm-nvssf-elitgruppen\/\">Junior-DM NvSSF Elitgruppen 2017<\/a><\/li>\n<li class=\"page_item page-item-4077\"><a href=\"https:\/\/www.nvssf.com\/forbundet\/resultat\/resultat-2017\/distriktsfinalen-for-schackfyran-i-nordvastra-skane\/\">Distriktsfinalen f\u00f6r Schackfyran i Nordv\u00e4stra Sk\u00e5ne<\/a><\/li>\n\n<\/ul>\n","protected":false},"excerpt":{"rendered":"","protected":false},"author":2,"featured_media":0,"parent":4497,"menu_order":0,"comment_status":"open","ping_status":"closed","template":"sidebar-page.php","meta":{"_acf_changed":false,"footnotes":""},"acf":[],"_links":{"self":[{"href":"https:\/\/www.nvssf.com\/forbundet\/wp-json\/wp\/v2\/pages\/3948"}],"collection":[{"href":"https:\/\/www.nvssf.com\/forbundet\/wp-json\/wp\/v2\/pages"}],"about":[{"href":"https:\/\/www.nvssf.com\/forbundet\/wp-json\/wp\/v2\/types\/page"}],"author":[{"embeddable":true,"href":"https:\/\/www.nvssf.com\/forbundet\/wp-json\/wp\/v2\/users\/2"}],"replies":[{"embeddable":true,"href":"https:\/\/www.nvssf.com\/forbundet\/wp-json\/wp\/v2\/comments?post=3948"}],"version-history":[{"count":1,"href":"https:\/\/www.nvssf.com\/forbundet\/wp-json\/wp\/v2\/pages\/3948\/revisions"}],"predecessor-version":[{"id":3949,"href":"https:\/\/www.nvssf.com\/forbundet\/wp-json\/wp\/v2\/pages\/3948\/revisions\/3949"}],"up":[{"embeddable":true,"href":"https:\/\/www.nvssf.com\/forbundet\/wp-json\/wp\/v2\/pages\/4497"}],"wp:attachment":[{"href":"https:\/\/www.nvssf.com\/forbundet\/wp-json\/wp\/v2\/media?parent=3948"}],"curies":[{"name":"wp","href":"https:\/\/api.w.org\/{rel}","templated":true}]}}