{"id":4837,"date":"2017-09-16T14:37:23","date_gmt":"2017-09-16T12:37:23","guid":{"rendered":"http:\/\/www.nvssf.com\/forbundet\/?page_id=4837"},"modified":"2017-10-11T11:41:15","modified_gmt":"2017-10-11T09:41:15","slug":"juniorer-1997-2000","status":"publish","type":"page","link":"https:\/\/www.nvssf.com\/forbundet\/resultat\/resultat-2017\/oppna-skanska-skolmasterskapen\/juniorer-1997-2000\/","title":{"rendered":"Juniorer (1997-2000)"},"content":{"rendered":"\n<!-- Page-list plugin v.5.9 wordpress.org\/plugins\/page-list\/ -->\n<ul class=\"page-list page-list-cols-3\">\n<li class=\"page_item page-item-4839\"><a href=\"https:\/\/www.nvssf.com\/forbundet\/resultat\/resultat-2017\/oppna-skanska-skolmasterskapen\/kadetter-2001-2004\/\">Kadetter (2001-2004)<\/a><\/li>\n<li class=\"page_item page-item-4841\"><a href=\"https:\/\/www.nvssf.com\/forbundet\/resultat\/resultat-2017\/oppna-skanska-skolmasterskapen\/miniorer-2005-2006\/\">Miniorer (2005-2006)<\/a><\/li>\n<li class=\"page_item page-item-4843\"><a href=\"https:\/\/www.nvssf.com\/forbundet\/resultat\/resultat-2017\/oppna-skanska-skolmasterskapen\/yngre-miniorer-2007\/\">Yngre Miniorer (2007-)<\/a><\/li>\n\n<\/ul>\n<h2>Startf\u00e4lt<\/h2>\n<ol>\n<li><strong>Magnus Mejlvang<\/strong> Campus Bornholm gymnasium DK<\/li>\n<li><strong>Jacob J\u00f6nsson<\/strong> Killeb\u00e4ckskolan S\u00f6dra Sandby<\/li>\n<li><strong>Majed Fakhr Eldin<\/strong> Kullagymnasiet H\u00f6gan\u00e4s<\/li>\n<li><strong>Filip Jonsson<\/strong> ProCivitas privata gymnasium Helsingborg<\/li>\n<li><strong>Lukas Mirsch<\/strong> ProCivitas privata gymnasium Helsingborg<\/li>\n<li><strong>Carlos Th\u00f6rnberg<\/strong> Hermods gymnasium Malm\u00f6<\/li>\n<\/ol>\n<h2>Bergertabell<\/h2>\n<p><a href=\"https:\/\/www.nvssf.com\/forbundet\/wp-content\/uploads\/2017\/09\/juniorklassSkanskaskoltabell.png\"><img loading=\"lazy\" decoding=\"async\" class=\"aligncenter size-full wp-image-4859\" src=\"https:\/\/www.nvssf.com\/forbundet\/wp-content\/uploads\/2017\/09\/juniorklassSkanskaskoltabell.png\" alt=\"\" width=\"580\" height=\"410\" srcset=\"https:\/\/www.nvssf.com\/forbundet\/wp-content\/uploads\/2017\/09\/juniorklassSkanskaskoltabell.png 580w, https:\/\/www.nvssf.com\/forbundet\/wp-content\/uploads\/2017\/09\/juniorklassSkanskaskoltabell-300x212.png 300w, https:\/\/www.nvssf.com\/forbundet\/wp-content\/uploads\/2017\/09\/juniorklassSkanskaskoltabell-424x300.png 424w\" sizes=\"(max-width: 580px) 100vw, 580px\" \/><\/a>Tabellen i <a href=\"https:\/\/www.nvssf.com\/forbundet\/wp-content\/uploads\/2017\/09\/juniorskanska2017.pdf\" target=\"_blank\" rel=\"noopener\">pdf-format.<\/a><br \/>\n\n<!-- Page-list plugin v.5.9 wordpress.org\/plugins\/page-list\/ -->\n<ul class=\"page-list page-list-cols-3\">\n<li class=\"page_item page-item-4839\"><a href=\"https:\/\/www.nvssf.com\/forbundet\/resultat\/resultat-2017\/oppna-skanska-skolmasterskapen\/kadetter-2001-2004\/\">Kadetter (2001-2004)<\/a><\/li>\n<li class=\"page_item page-item-4841\"><a href=\"https:\/\/www.nvssf.com\/forbundet\/resultat\/resultat-2017\/oppna-skanska-skolmasterskapen\/miniorer-2005-2006\/\">Miniorer (2005-2006)<\/a><\/li>\n<li class=\"page_item page-item-4843\"><a href=\"https:\/\/www.nvssf.com\/forbundet\/resultat\/resultat-2017\/oppna-skanska-skolmasterskapen\/yngre-miniorer-2007\/\">Yngre Miniorer (2007-)<\/a><\/li>\n\n<\/ul>\n","protected":false},"excerpt":{"rendered":"<p>Startf\u00e4lt Magnus Mejlvang Campus Bornholm gymnasium DK Jacob J\u00f6nsson Killeb\u00e4ckskolan S\u00f6dra Sandby Majed Fakhr Eldin Kullagymnasiet H\u00f6gan\u00e4s Filip Jonsson ProCivitas privata gymnasium Helsingborg Lukas Mirsch ProCivitas privata gymnasium Helsingborg Carlos Th\u00f6rnberg Hermods gymnasium Malm\u00f6 Bergertabell Tabellen i pdf-format.<\/p>\n","protected":false},"author":2,"featured_media":0,"parent":4835,"menu_order":1,"comment_status":"open","ping_status":"open","template":"sidebar-page.php","meta":{"_acf_changed":false,"footnotes":""},"acf":[],"_links":{"self":[{"href":"https:\/\/www.nvssf.com\/forbundet\/wp-json\/wp\/v2\/pages\/4837"}],"collection":[{"href":"https:\/\/www.nvssf.com\/forbundet\/wp-json\/wp\/v2\/pages"}],"about":[{"href":"https:\/\/www.nvssf.com\/forbundet\/wp-json\/wp\/v2\/types\/page"}],"author":[{"embeddable":true,"href":"https:\/\/www.nvssf.com\/forbundet\/wp-json\/wp\/v2\/users\/2"}],"replies":[{"embeddable":true,"href":"https:\/\/www.nvssf.com\/forbundet\/wp-json\/wp\/v2\/comments?post=4837"}],"version-history":[{"count":1,"href":"https:\/\/www.nvssf.com\/forbundet\/wp-json\/wp\/v2\/pages\/4837\/revisions"}],"predecessor-version":[{"id":4997,"href":"https:\/\/www.nvssf.com\/forbundet\/wp-json\/wp\/v2\/pages\/4837\/revisions\/4997"}],"up":[{"embeddable":true,"href":"https:\/\/www.nvssf.com\/forbundet\/wp-json\/wp\/v2\/pages\/4835"}],"wp:attachment":[{"href":"https:\/\/www.nvssf.com\/forbundet\/wp-json\/wp\/v2\/media?parent=4837"}],"curies":[{"name":"wp","href":"https:\/\/api.w.org\/{rel}","templated":true}]}}

<!-- Page-list plugin v.5.9 wordpress.org/plugins/page-list/ -->
<ul class="page-list page-list-cols-3">
<li class="page_item page-item-4839"><a href="https://www.nvssf.com/forbundet/resultat/resultat-2017/oppna-skanska-skolmasterskapen/kadetter-2001-2004/">Kadetter (2001-2004)</a></li>
<li class="page_item page-item-4841"><a href="https://www.nvssf.com/forbundet/resultat/resultat-2017/oppna-skanska-skolmasterskapen/miniorer-2005-2006/">Miniorer (2005-2006)</a></li>
<li class="page_item page-item-4843"><a href="https://www.nvssf.com/forbundet/resultat/resultat-2017/oppna-skanska-skolmasterskapen/yngre-miniorer-2007/">Yngre Miniorer (2007-)</a></li>

</ul>
<h2>Startfält</h2>
<ol>
<li><strong>Magnus Mejlvang</strong> Campus Bornholm gymnasium DK</li>
<li><strong>Jacob Jönsson</strong> Killebäckskolan Södra Sandby</li>
<li><strong>Majed Fakhr Eldin</strong> Kullagymnasiet Höganäs</li>
<li><strong>Filip Jonsson</strong> ProCivitas privata gymnasium Helsingborg</li>
<li><strong>Lukas Mirsch</strong> ProCivitas privata gymnasium Helsingborg</li>
<li><strong>Carlos Thörnberg</strong> Hermods gymnasium Malmö</li>
</ol>
<h2>Bergertabell</h2>
<p><a href="https://www.nvssf.com/forbundet/wp-content/uploads/2017/09/juniorklassSkanskaskoltabell.png"><img loading="lazy" decoding="async" class="aligncenter size-full wp-image-4859" src="https://www.nvssf.com/forbundet/wp-content/uploads/2017/09/juniorklassSkanskaskoltabell.png" alt="" width="580" height="410" srcset="https://www.nvssf.com/forbundet/wp-content/uploads/2017/09/juniorklassSkanskaskoltabell.png 580w, https://www.nvssf.com/forbundet/wp-content/uploads/2017/09/juniorklassSkanskaskoltabell-300x212.png 300w, https://www.nvssf.com/forbundet/wp-content/uploads/2017/09/juniorklassSkanskaskoltabell-424x300.png 424w" sizes="(max-width: 580px) 100vw, 580px" /></a>Tabellen i <a href="https://www.nvssf.com/forbundet/wp-content/uploads/2017/09/juniorskanska2017.pdf" target="_blank" rel="noopener">pdf-format.</a><br />

<!-- Page-list plugin v.5.9 wordpress.org/plugins/page-list/ -->
<ul class="page-list page-list-cols-3">
<li class="page_item page-item-4839"><a href="https://www.nvssf.com/forbundet/resultat/resultat-2017/oppna-skanska-skolmasterskapen/kadetter-2001-2004/">Kadetter (2001-2004)</a></li>
<li class="page_item page-item-4841"><a href="https://www.nvssf.com/forbundet/resultat/resultat-2017/oppna-skanska-skolmasterskapen/miniorer-2005-2006/">Miniorer (2005-2006)</a></li>
<li class="page_item page-item-4843"><a href="https://www.nvssf.com/forbundet/resultat/resultat-2017/oppna-skanska-skolmasterskapen/yngre-miniorer-2007/">Yngre Miniorer (2007-)</a></li>

</ul>

<p>Startfält Magnus Mejlvang Campus Bornholm gymnasium DK Jacob Jönsson Killebäckskolan Södra Sandby Majed Fakhr Eldin Kullagymnasiet Höganäs Filip Jonsson ProCivitas privata gymnasium Helsingborg Lukas Mirsch ProCivitas privata gymnasium Helsingborg Carlos Thörnberg Hermods gymnasium Malmö Bergertabell Tabellen i pdf-format.</p>
