{"id":5162,"date":"2017-11-04T11:15:33","date_gmt":"2017-11-04T10:15:33","guid":{"rendered":"http:\/\/www.nvssf.com\/forbundet\/?page_id=5162"},"modified":"2017-11-14T11:35:03","modified_gmt":"2017-11-14T10:35:03","slug":"chess-kids","status":"publish","type":"page","link":"https:\/\/www.nvssf.com\/forbundet\/resultat\/resultat-2017\/junior-dm-snabbschack-2017\/chess-kids\/","title":{"rendered":"Snabbschacks-DM Chess Kids"},"content":{"rendered":"<h2>Snabb-schacks DM f\u00f6r engelskspr\u00e5kiga juniorer<\/h2>\n<p><strong>Spelform:<\/strong> 5 ronder monrad<\/p>\n<p><strong>Po\u00e4ngber\u00e4kning: <\/strong>3 po\u00e4ng vinst, 2 po\u00e4ng remi och 1 po\u00e4ng f\u00f6rlust.<\/p>\n<table>\n<tbody>\n<tr>\n<td>Plac.<\/td>\n<td>Namn<\/td>\n<td>Klubb<\/td>\n<td>Po\u00e4ng<\/td>\n<\/tr>\n<tr>\n<td>1.<\/td>\n<td>Trishna Nari<\/td>\n<td>Helsingborgs ASK<\/td>\n<td>15<\/td>\n<\/tr>\n<tr>\n<td>2.<\/td>\n<td>Debasman<\/td>\n<td>Helsingborgs ASK<\/td>\n<td>13<\/td>\n<\/tr>\n<tr>\n<td>3.<\/td>\n<td>Sanvi<\/td>\n<td>Helsingborgs ASK<\/td>\n<td>13<\/td>\n<\/tr>\n<tr>\n<td>4.<\/td>\n<td>Saanika<\/td>\n<td>Helsingborgs ASK<\/td>\n<td>12<\/td>\n<\/tr>\n<tr>\n<td>5.<\/td>\n<td>Shishir Yaralakatti<\/td>\n<td>Helsingborgs ASK<\/td>\n<td>11<\/td>\n<\/tr>\n<\/tbody>\n<\/table>\n<p><strong>18 deltagare.<\/strong><br \/>\n\n<!-- Page-list plugin v.5.9 wordpress.org\/plugins\/page-list\/ -->\n<ul class=\"page-list page-list-cols-3\">\n<li class=\"page_item page-item-5212\"><a href=\"https:\/\/www.nvssf.com\/forbundet\/resultat\/resultat-2017\/junior-dm-snabbschack-2017\/knattar-miniorer\/\">Snabbschacks-DM Knattar &#038; Miniorer<\/a><\/li>\n<li class=\"page_item page-item-5164\"><a href=\"https:\/\/www.nvssf.com\/forbundet\/resultat\/resultat-2017\/junior-dm-snabbschack-2017\/elitgruppen\/\">Snabbschacks-DM Elitgruppen<\/a><\/li>\n\n<\/ul>\n","protected":false},"excerpt":{"rendered":"<p>Snabb-schacks DM f\u00f6r engelskspr\u00e5kiga juniorer Spelform: 5 ronder monrad Po\u00e4ngber\u00e4kning: 3 po\u00e4ng vinst, 2 po\u00e4ng remi och 1 po\u00e4ng f\u00f6rlust. Plac. Namn Klubb Po\u00e4ng 1. Trishna Nari Helsingborgs ASK 15 2. Debasman Helsingborgs ASK 13 3. Sanvi Helsingborgs ASK 13 &hellip; <a href=\"https:\/\/www.nvssf.com\/forbundet\/resultat\/resultat-2017\/junior-dm-snabbschack-2017\/chess-kids\/\">Forts\u00e4tt l\u00e4sa <span class=\"meta-nav\">&rarr;<\/span><\/a><\/p>\n","protected":false},"author":2,"featured_media":0,"parent":5159,"menu_order":1,"comment_status":"open","ping_status":"open","template":"sidebar-page.php","meta":{"_acf_changed":false,"footnotes":""},"acf":[],"_links":{"self":[{"href":"https:\/\/www.nvssf.com\/forbundet\/wp-json\/wp\/v2\/pages\/5162"}],"collection":[{"href":"https:\/\/www.nvssf.com\/forbundet\/wp-json\/wp\/v2\/pages"}],"about":[{"href":"https:\/\/www.nvssf.com\/forbundet\/wp-json\/wp\/v2\/types\/page"}],"author":[{"embeddable":true,"href":"https:\/\/www.nvssf.com\/forbundet\/wp-json\/wp\/v2\/users\/2"}],"replies":[{"embeddable":true,"href":"https:\/\/www.nvssf.com\/forbundet\/wp-json\/wp\/v2\/comments?post=5162"}],"version-history":[{"count":1,"href":"https:\/\/www.nvssf.com\/forbundet\/wp-json\/wp\/v2\/pages\/5162\/revisions"}],"predecessor-version":[{"id":5242,"href":"https:\/\/www.nvssf.com\/forbundet\/wp-json\/wp\/v2\/pages\/5162\/revisions\/5242"}],"up":[{"embeddable":true,"href":"https:\/\/www.nvssf.com\/forbundet\/wp-json\/wp\/v2\/pages\/5159"}],"wp:attachment":[{"href":"https:\/\/www.nvssf.com\/forbundet\/wp-json\/wp\/v2\/media?parent=5162"}],"curies":[{"name":"wp","href":"https:\/\/api.w.org\/{rel}","templated":true}]}}