{"id":5466,"date":"2017-12-30T21:57:30","date_gmt":"2017-12-30T20:57:30","guid":{"rendered":"http:\/\/www.nvssf.com\/forbundet\/?page_id=5466"},"modified":"2017-12-30T21:57:31","modified_gmt":"2017-12-30T20:57:31","slug":"skrombergas-mellandagsturnering-2017","status":"publish","type":"page","link":"https:\/\/www.nvssf.com\/forbundet\/resultat\/resultat-2017\/skrombergas-mellandagsturnering-2017\/","title":{"rendered":"Skrombergas mellandagsturnering 2017"},"content":{"rendered":"<p>8 ronder snabbschack med tidshandikapp.<\/p>\n<h2>Slutst\u00e4llning<\/h2>\n<table>\n<tbody>\n<tr>\n<td width=\"100\" height=\"13\"><\/td>\n<td width=\"50\" height=\"13\"><strong>1<\/strong><\/td>\n<td width=\"150\" height=\"13\"><strong>Anders Nilsson<\/strong><\/td>\n<td width=\"250\" height=\"13\"><strong>HASK<\/strong><\/td>\n<td width=\"50\" height=\"13\"><strong>7<\/strong><\/td>\n<td width=\"50\" height=\"13\"><strong>35<\/strong><\/td>\n<\/tr>\n<tr>\n<td width=\"100\" height=\"13\"><\/td>\n<td width=\"50\" height=\"13\"><strong>2<\/strong><\/td>\n<td width=\"150\" height=\"13\"><strong>Leif H\u00f6glund<\/strong><\/td>\n<td width=\"250\" height=\"13\"><strong>Knislinge SK<\/strong><\/td>\n<td width=\"50\" height=\"13\"><strong>6.5<\/strong><\/td>\n<td width=\"50\" height=\"13\"><strong>36.5<\/strong><\/td>\n<\/tr>\n<tr>\n<td width=\"100\" height=\"13\"><\/td>\n<td width=\"50\" height=\"13\"><strong>3<\/strong><\/td>\n<td width=\"150\" height=\"13\"><strong>Richard Persson<\/strong><\/td>\n<td width=\"250\" height=\"13\"><strong>MAS<\/strong><\/td>\n<td width=\"50\" height=\"13\"><strong>6.5<\/strong><\/td>\n<td width=\"50\" height=\"13\"><strong>34<\/strong><\/td>\n<\/tr>\n<tr>\n<td width=\"100\" height=\"13\"><\/td>\n<td width=\"50\" height=\"13\"><strong>4<\/strong><\/td>\n<td width=\"150\" height=\"13\"><strong>Stefan H\u00e5kansson<\/strong><\/td>\n<td width=\"250\" height=\"13\"><strong>HASK<\/strong><\/td>\n<td width=\"50\" height=\"13\"><strong>6<\/strong><\/td>\n<td width=\"50\" height=\"13\"><strong>42<\/strong><\/td>\n<\/tr>\n<tr>\n<td width=\"100\" height=\"13\"><\/td>\n<td width=\"50\" height=\"13\"><strong>5<\/strong><\/td>\n<td width=\"150\" height=\"13\"><strong>Carlos Th\u00f6rnberg<\/strong><\/td>\n<td width=\"250\" height=\"13\"><strong>Limhamns SK<\/strong><\/td>\n<td width=\"50\" height=\"13\"><strong>6<\/strong><\/td>\n<td width=\"50\" height=\"13\"><strong>37<\/strong><\/td>\n<\/tr>\n<tr>\n<td width=\"100\" height=\"13\"><\/td>\n<td width=\"50\" height=\"13\"><strong>6<\/strong><\/td>\n<td width=\"150\" height=\"13\"><strong>Gregor Reid<\/strong><\/td>\n<td width=\"250\" height=\"13\"><strong>Harplinge<\/strong><\/td>\n<td width=\"50\" height=\"13\"><strong>6<\/strong><\/td>\n<td width=\"50\" height=\"13\"><strong>32.5<\/strong><\/td>\n<\/tr>\n<tr>\n<td width=\"100\" height=\"13\"><\/td>\n<td width=\"50\" height=\"13\"><strong>7<\/strong><\/td>\n<td width=\"150\" height=\"13\"><strong>Stellan Brynell<\/strong><\/td>\n<td width=\"250\" height=\"13\"><strong>Limhamn<\/strong><\/td>\n<td width=\"50\" height=\"13\"><strong>5.5<\/strong><\/td>\n<td width=\"50\" height=\"13\"><strong>36.5<\/strong><\/td>\n<\/tr>\n<tr>\n<td width=\"100\" height=\"13\"><\/td>\n<td width=\"50\" height=\"13\"><strong>8<\/strong><\/td>\n<td width=\"150\" height=\"13\"><strong>Dam Binh Quang<\/strong><\/td>\n<td width=\"250\" height=\"13\"><strong>HSS<\/strong><\/td>\n<td width=\"50\" height=\"13\"><strong>5.5<\/strong><\/td>\n<td width=\"50\" height=\"13\"><strong>34.5<\/strong><\/td>\n<\/tr>\n<tr>\n<td width=\"100\" height=\"13\"><\/td>\n<td width=\"50\" height=\"13\"><strong>9<\/strong><\/td>\n<td width=\"150\" height=\"13\"><strong>Aldonis Gedeminas<\/strong><\/td>\n<td width=\"250\" height=\"13\"><strong>Kristianstads SK<\/strong><\/td>\n<td width=\"50\" height=\"13\"><strong>5.5<\/strong><\/td>\n<td width=\"50\" height=\"13\"><strong>33<\/strong><\/td>\n<\/tr>\n<tr>\n<td width=\"100\" height=\"13\"><\/td>\n<td width=\"50\" height=\"13\"><strong>10<\/strong><\/td>\n<td width=\"150\" height=\"13\"><strong>Tomas Rosell<\/strong><\/td>\n<td width=\"250\" height=\"13\"><strong>HASK<\/strong><\/td>\n<td width=\"50\" height=\"13\"><strong>5.5<\/strong><\/td>\n<td width=\"50\" height=\"13\"><strong>32<\/strong><\/td>\n<\/tr>\n<tr>\n<td width=\"100\" height=\"13\"><\/td>\n<td width=\"50\" height=\"13\"><strong>11<\/strong><\/td>\n<td width=\"150\" height=\"13\"><strong>Tord Andersson<\/strong><\/td>\n<td width=\"250\" height=\"13\"><strong>SASS<\/strong><\/td>\n<td width=\"50\" height=\"13\"><strong>5.5<\/strong><\/td>\n<td width=\"50\" height=\"13\"><strong>27.5<\/strong><\/td>\n<\/tr>\n<tr>\n<td width=\"100\" height=\"13\"><\/td>\n<td width=\"50\" height=\"13\"><strong>12<\/strong><\/td>\n<td width=\"150\" height=\"13\"><strong>Dominik Danielsson<\/strong><\/td>\n<td width=\"250\" height=\"13\"><strong>MAS<\/strong><\/td>\n<td width=\"50\" height=\"13\"><strong>5<\/strong><\/td>\n<td width=\"50\" height=\"13\"><strong>38.5<\/strong><\/td>\n<\/tr>\n<tr>\n<td width=\"100\" height=\"13\"><\/td>\n<td width=\"50\" height=\"13\"><strong>13<\/strong><\/td>\n<td width=\"150\" height=\"13\"><strong>Johannes Frimodig<\/strong><\/td>\n<td width=\"250\" height=\"13\"><strong>Knislinge SK<\/strong><\/td>\n<td width=\"50\" height=\"13\"><strong>5<\/strong><\/td>\n<td width=\"50\" height=\"13\"><strong>37.5<\/strong><\/td>\n<\/tr>\n<tr>\n<td width=\"100\" height=\"13\"><\/td>\n<td width=\"50\" height=\"13\"><strong>14<\/strong><\/td>\n<td width=\"150\" height=\"13\"><strong>Robert Hedlerfog<\/strong><\/td>\n<td width=\"250\" height=\"13\"><strong>HSS<\/strong><\/td>\n<td width=\"50\" height=\"13\"><strong>5<\/strong><\/td>\n<td width=\"50\" height=\"13\"><strong>36<\/strong><\/td>\n<\/tr>\n<tr>\n<td width=\"100\" height=\"13\"><\/td>\n<td width=\"50\" height=\"13\"><strong>15<\/strong><\/td>\n<td width=\"150\" height=\"13\"><strong>Seifo Agovic<\/strong><\/td>\n<td width=\"250\" height=\"13\"><strong>HASK<\/strong><\/td>\n<td width=\"50\" height=\"13\"><strong>5<\/strong><\/td>\n<td width=\"50\" height=\"13\"><strong>34.5<\/strong><\/td>\n<\/tr>\n<tr>\n<td width=\"100\" height=\"13\"><\/td>\n<td width=\"50\" height=\"13\"><strong>16<\/strong><\/td>\n<td width=\"150\" height=\"13\"><strong>Tomas Wellewit<\/strong><\/td>\n<td width=\"250\" height=\"13\"><strong>G\u00f6taverken<\/strong><\/td>\n<td width=\"50\" height=\"13\"><strong>5<\/strong><\/td>\n<td width=\"50\" height=\"13\"><strong>31.5<\/strong><\/td>\n<\/tr>\n<tr>\n<td width=\"100\" height=\"13\"><\/td>\n<td width=\"50\" height=\"13\"><strong>17<\/strong><\/td>\n<td width=\"150\" height=\"13\"><strong>Patrik Buzleta<\/strong><\/td>\n<td width=\"250\" height=\"13\"><strong>Manhem<\/strong><\/td>\n<td width=\"50\" height=\"13\"><strong>5<\/strong><\/td>\n<td width=\"50\" height=\"13\"><strong>31<\/strong><\/td>\n<\/tr>\n<tr>\n<td width=\"100\" height=\"13\"><\/td>\n<td width=\"50\" height=\"13\"><strong>18<\/strong><\/td>\n<td width=\"150\" height=\"13\"><strong>Hoger Muhamed<\/strong><\/td>\n<td width=\"250\" height=\"13\"><strong>HSS<\/strong><\/td>\n<td width=\"50\" height=\"13\"><strong>4.5<\/strong><\/td>\n<td width=\"50\" height=\"13\"><strong>35<\/strong><\/td>\n<\/tr>\n<tr>\n<td width=\"100\" height=\"13\"><\/td>\n<td width=\"50\" height=\"13\"><strong>19<\/strong><\/td>\n<td width=\"150\" height=\"13\"><strong>Muhamed Hamid<\/strong><\/td>\n<td width=\"250\" height=\"13\"><strong>\u00c5storp<\/strong><\/td>\n<td width=\"50\" height=\"13\"><strong>4.5<\/strong><\/td>\n<td width=\"50\" height=\"13\"><strong>34.5<\/strong><\/td>\n<\/tr>\n<tr>\n<td width=\"100\" height=\"13\"><\/td>\n<td width=\"50\" height=\"13\"><strong>20<\/strong><\/td>\n<td width=\"150\" height=\"13\"><strong>Olof Magelius<\/strong><\/td>\n<td width=\"250\" height=\"13\"><strong>Harplinge<\/strong><\/td>\n<td width=\"50\" height=\"13\"><strong>4.5<\/strong><\/td>\n<td width=\"50\" height=\"13\"><strong>34<\/strong><\/td>\n<\/tr>\n<tr>\n<td width=\"100\" height=\"13\"><\/td>\n<td width=\"50\" height=\"13\"><strong>21<\/strong><\/td>\n<td width=\"150\" height=\"13\"><strong>Tord Lindvall<\/strong><\/td>\n<td width=\"250\" height=\"13\"><strong>Markaryd SK<\/strong><\/td>\n<td width=\"50\" height=\"13\"><strong>4.5<\/strong><\/td>\n<td width=\"50\" height=\"13\"><strong>33<\/strong><\/td>\n<\/tr>\n<tr>\n<td width=\"100\" height=\"13\"><\/td>\n<td width=\"50\" height=\"13\"><strong>22<\/strong><\/td>\n<td width=\"150\" height=\"13\"><strong>Jan Bengtsson<\/strong><\/td>\n<td width=\"250\" height=\"13\"><strong>\u00c5storp<\/strong><\/td>\n<td width=\"50\" height=\"13\"><strong>4.5<\/strong><\/td>\n<td width=\"50\" height=\"13\"><strong>33<\/strong><\/td>\n<\/tr>\n<tr>\n<td width=\"100\" height=\"13\"><\/td>\n<td width=\"50\" height=\"13\"><strong>23<\/strong><\/td>\n<td width=\"150\" height=\"13\"><strong>Havras Khalat<\/strong><\/td>\n<td width=\"250\" height=\"13\"><strong>H\u00e4ssleholm<\/strong><\/td>\n<td width=\"50\" height=\"13\"><strong>4.5<\/strong><\/td>\n<td width=\"50\" height=\"13\"><strong>30.5<\/strong><\/td>\n<\/tr>\n<tr>\n<td width=\"100\" height=\"13\"><\/td>\n<td width=\"50\" height=\"13\"><strong>24<\/strong><\/td>\n<td width=\"150\" height=\"13\"><strong>Hazim Nosic<\/strong><\/td>\n<td width=\"250\" height=\"13\"><strong>HSS<\/strong><\/td>\n<td width=\"50\" height=\"13\"><strong>4.5<\/strong><\/td>\n<td width=\"50\" height=\"13\"><strong>30.5<\/strong><\/td>\n<\/tr>\n<tr>\n<td width=\"100\" height=\"13\"><\/td>\n<td width=\"50\" height=\"13\"><strong>25<\/strong><\/td>\n<td width=\"150\" height=\"13\"><strong>Sebastian Andersson<\/strong><\/td>\n<td width=\"250\" height=\"13\"><strong>Manheim SS<\/strong><\/td>\n<td width=\"50\" height=\"13\"><strong>4.5<\/strong><\/td>\n<td width=\"50\" height=\"13\"><strong>30<\/strong><\/td>\n<\/tr>\n<tr>\n<td width=\"100\" height=\"13\"><\/td>\n<td width=\"50\" height=\"13\"><strong>26<\/strong><\/td>\n<td width=\"150\" height=\"13\"><strong>Eric Nordin<\/strong><\/td>\n<td width=\"250\" height=\"13\"><strong>Hask<\/strong><\/td>\n<td width=\"50\" height=\"13\"><strong>4.5<\/strong><\/td>\n<td width=\"50\" height=\"13\"><strong>30<\/strong><\/td>\n<\/tr>\n<tr>\n<td width=\"100\" height=\"13\"><\/td>\n<td width=\"50\" height=\"13\"><strong>27<\/strong><\/td>\n<td width=\"150\" height=\"13\"><strong>Roger Karlsson<\/strong><\/td>\n<td width=\"250\" height=\"13\"><strong>Harplinge<\/strong><\/td>\n<td width=\"50\" height=\"13\"><strong>4.5<\/strong><\/td>\n<td width=\"50\" height=\"13\"><strong>29<\/strong><\/td>\n<\/tr>\n<tr>\n<td width=\"100\" height=\"13\"><\/td>\n<td width=\"50\" height=\"13\"><strong>28<\/strong><\/td>\n<td width=\"150\" height=\"13\"><strong>Sven Rosell<\/strong><\/td>\n<td width=\"250\" height=\"13\"><strong>LASK<\/strong><\/td>\n<td width=\"50\" height=\"13\"><strong>4<\/strong><\/td>\n<td width=\"50\" height=\"13\"><strong>34.5<\/strong><\/td>\n<\/tr>\n<tr>\n<td width=\"100\" height=\"13\"><\/td>\n<td width=\"50\" height=\"13\"><strong>29<\/strong><\/td>\n<td width=\"150\" height=\"13\"><strong>Per-Erik Franzen<\/strong><\/td>\n<td width=\"250\" height=\"13\"><strong>LASK<\/strong><\/td>\n<td width=\"50\" height=\"13\"><strong>4<\/strong><\/td>\n<td width=\"50\" height=\"13\"><strong>30.5<\/strong><\/td>\n<\/tr>\n<tr>\n<td width=\"100\" height=\"13\"><\/td>\n<td width=\"50\" height=\"13\"><strong>30<\/strong><\/td>\n<td width=\"150\" height=\"13\"><strong>Jacob Mejvik<\/strong><\/td>\n<td width=\"250\" height=\"13\"><strong>Oves SK<\/strong><\/td>\n<td width=\"50\" height=\"13\"><strong>4<\/strong><\/td>\n<td width=\"50\" height=\"13\"><strong>29.5<\/strong><\/td>\n<\/tr>\n<tr>\n<td width=\"100\" height=\"13\"><\/td>\n<td width=\"50\" height=\"13\"><strong>31<\/strong><\/td>\n<td width=\"150\" height=\"13\"><strong>Andre Forsberg<\/strong><\/td>\n<td width=\"250\" height=\"13\"><strong>En Passant<\/strong><\/td>\n<td width=\"50\" height=\"13\"><strong>4<\/strong><\/td>\n<td width=\"50\" height=\"13\"><strong>27.5<\/strong><\/td>\n<\/tr>\n<tr>\n<td width=\"100\" height=\"13\"><\/td>\n<td width=\"50\" height=\"13\"><strong>32<\/strong><\/td>\n<td width=\"150\" height=\"13\"><strong>Hans Klement<\/strong><\/td>\n<td width=\"250\" height=\"13\"><strong>Harplinge<\/strong><\/td>\n<td width=\"50\" height=\"13\"><strong>4<\/strong><\/td>\n<td width=\"50\" height=\"13\"><strong>27.5<\/strong><\/td>\n<\/tr>\n<tr>\n<td width=\"100\" height=\"13\"><\/td>\n<td width=\"50\" height=\"13\"><strong>33<\/strong><\/td>\n<td width=\"150\" height=\"13\"><strong>Stefan Myrenfors<\/strong><\/td>\n<td width=\"250\" height=\"13\"><strong>HSS<\/strong><\/td>\n<td width=\"50\" height=\"13\"><strong>4<\/strong><\/td>\n<td width=\"50\" height=\"13\"><strong>27<\/strong><\/td>\n<\/tr>\n<tr>\n<td width=\"100\" height=\"13\"><\/td>\n<td width=\"50\" height=\"13\"><strong>34<\/strong><\/td>\n<td width=\"150\" height=\"13\"><strong>Bengt Kvisth<\/strong><\/td>\n<td width=\"250\" height=\"13\"><strong>Limhamn<\/strong><\/td>\n<td width=\"50\" height=\"13\"><strong>4<\/strong><\/td>\n<td width=\"50\" height=\"13\"><strong>25.5<\/strong><\/td>\n<\/tr>\n<tr>\n<td width=\"100\" height=\"13\"><\/td>\n<td width=\"50\" height=\"13\"><strong>35<\/strong><\/td>\n<td width=\"150\" height=\"13\"><strong>Anders Hansen<\/strong><\/td>\n<td width=\"250\" height=\"13\"><strong>Harplinge <\/strong><\/td>\n<td width=\"50\" height=\"13\"><strong>4<\/strong><\/td>\n<td width=\"50\" height=\"13\"><strong>22.5<\/strong><\/td>\n<\/tr>\n<tr>\n<td width=\"100\" height=\"13\"><\/td>\n<td width=\"50\" height=\"13\"><strong>36<\/strong><\/td>\n<td width=\"150\" height=\"13\"><strong>Tore Andersson<\/strong><\/td>\n<td width=\"250\" height=\"13\"><strong>Markaryd SK<\/strong><\/td>\n<td width=\"50\" height=\"13\"><strong>3.5<\/strong><\/td>\n<td width=\"50\" height=\"13\"><strong>36<\/strong><\/td>\n<\/tr>\n<tr>\n<td width=\"100\" height=\"13\"><\/td>\n<td width=\"50\" height=\"13\"><strong>37<\/strong><\/td>\n<td width=\"150\" height=\"13\"><strong>Birger Persson<\/strong><\/td>\n<td width=\"250\" height=\"13\"><strong>HSS<\/strong><\/td>\n<td width=\"50\" height=\"13\"><strong>3.5<\/strong><\/td>\n<td width=\"50\" height=\"13\"><strong>31.5<\/strong><\/td>\n<\/tr>\n<tr>\n<td width=\"100\" height=\"13\"><\/td>\n<td width=\"50\" height=\"13\"><strong>38<\/strong><\/td>\n<td width=\"150\" height=\"13\"><strong>Fredrik Juhlin <\/strong><\/td>\n<td width=\"250\" height=\"13\"><strong>Landskrona<\/strong><\/td>\n<td width=\"50\" height=\"13\"><strong>3.5<\/strong><\/td>\n<td width=\"50\" height=\"13\"><strong>29<\/strong><\/td>\n<\/tr>\n<tr>\n<td width=\"100\" height=\"13\"><\/td>\n<td width=\"50\" height=\"13\"><strong>39<\/strong><\/td>\n<td width=\"150\" height=\"13\"><strong>Tore Bengtsson<\/strong><\/td>\n<td width=\"250\" height=\"13\"><strong>HSS<\/strong><\/td>\n<td width=\"50\" height=\"13\"><strong>3.5<\/strong><\/td>\n<td width=\"50\" height=\"13\"><strong>28.5<\/strong><\/td>\n<\/tr>\n<tr>\n<td width=\"100\" height=\"13\"><\/td>\n<td width=\"50\" height=\"13\"><strong>40<\/strong><\/td>\n<td width=\"150\" height=\"13\"><strong>Magnus Cedervall<\/strong><\/td>\n<td width=\"250\" height=\"13\"><strong>Limhamn<\/strong><\/td>\n<td width=\"50\" height=\"13\"><strong>3.5<\/strong><\/td>\n<td width=\"50\" height=\"13\"><strong>28<\/strong><\/td>\n<\/tr>\n<tr>\n<td width=\"100\" height=\"13\"><\/td>\n<td width=\"50\" height=\"13\"><strong>41<\/strong><\/td>\n<td width=\"150\" height=\"13\"><strong>Falk Zetterstr\u00f6m<\/strong><\/td>\n<td width=\"250\" height=\"13\"><strong>HSS<\/strong><\/td>\n<td width=\"50\" height=\"13\"><strong>3.5<\/strong><\/td>\n<td width=\"50\" height=\"13\"><strong>28<\/strong><\/td>\n<\/tr>\n<tr>\n<td width=\"100\" height=\"13\"><\/td>\n<td width=\"50\" height=\"13\"><strong>42<\/strong><\/td>\n<td width=\"150\" height=\"13\"><strong>Sven-G\u00f6ran Frimodig<\/strong><\/td>\n<td width=\"250\" height=\"13\"><strong>Knislinge<\/strong><\/td>\n<td width=\"50\" height=\"13\"><strong>3.5<\/strong><\/td>\n<td width=\"50\" height=\"13\"><strong>26.5<\/strong><\/td>\n<\/tr>\n<tr>\n<td width=\"100\" height=\"13\"><\/td>\n<td width=\"50\" height=\"13\"><strong>43<\/strong><\/td>\n<td width=\"150\" height=\"13\"><strong>Peter Dalling<\/strong><\/td>\n<td width=\"250\" height=\"13\"><strong>ESS<\/strong><\/td>\n<td width=\"50\" height=\"13\"><strong>3.5<\/strong><\/td>\n<td width=\"50\" height=\"13\"><strong>26<\/strong><\/td>\n<\/tr>\n<tr>\n<td width=\"100\" height=\"13\"><\/td>\n<td width=\"50\" height=\"13\"><strong>44<\/strong><\/td>\n<td width=\"150\" height=\"13\"><strong>Lars Persson<\/strong><\/td>\n<td width=\"250\" height=\"13\"><strong>SASS<\/strong><\/td>\n<td width=\"50\" height=\"13\"><strong>3.5<\/strong><\/td>\n<td width=\"50\" height=\"13\"><strong>25.5<\/strong><\/td>\n<\/tr>\n<tr>\n<td width=\"100\" height=\"13\"><\/td>\n<td width=\"50\" height=\"13\"><strong>45<\/strong><\/td>\n<td width=\"150\" height=\"13\"><strong>Daniel Matus<\/strong><\/td>\n<td width=\"250\" height=\"13\"><strong>Knislinge SK<\/strong><\/td>\n<td width=\"50\" height=\"13\"><strong>3<\/strong><\/td>\n<td width=\"50\" height=\"13\"><strong>32<\/strong><\/td>\n<\/tr>\n<tr>\n<td width=\"100\" height=\"13\"><\/td>\n<td width=\"50\" height=\"13\"><strong>46<\/strong><\/td>\n<td width=\"150\" height=\"13\"><strong>Idris Amin<\/strong><\/td>\n<td width=\"250\" height=\"13\"><strong>HSS<\/strong><\/td>\n<td width=\"50\" height=\"13\"><strong>3<\/strong><\/td>\n<td width=\"50\" height=\"13\"><strong>31<\/strong><\/td>\n<\/tr>\n<tr>\n<td width=\"100\" height=\"13\"><\/td>\n<td width=\"50\" height=\"13\"><strong>47<\/strong><\/td>\n<td width=\"150\" height=\"13\"><strong>Martin Andersen<\/strong><\/td>\n<td width=\"250\" height=\"13\"><strong>Landskrona<\/strong><\/td>\n<td width=\"50\" height=\"13\"><strong>3<\/strong><\/td>\n<td width=\"50\" height=\"13\"><strong>28<\/strong><\/td>\n<\/tr>\n<tr>\n<td width=\"100\" height=\"13\"><\/td>\n<td width=\"50\" height=\"13\"><strong>48<\/strong><\/td>\n<td width=\"150\" height=\"13\"><strong>G\u00f6ran Steffert<\/strong><\/td>\n<td width=\"250\" height=\"13\"><strong>Finja SK<\/strong><\/td>\n<td width=\"50\" height=\"13\"><strong>3<\/strong><\/td>\n<td width=\"50\" height=\"13\"><strong>27<\/strong><\/td>\n<\/tr>\n<tr>\n<td width=\"100\" height=\"13\"><\/td>\n<td width=\"50\" height=\"13\"><strong>49<\/strong><\/td>\n<td width=\"150\" height=\"13\"><strong>Roland Brandt<\/strong><\/td>\n<td width=\"250\" height=\"13\"><strong>Markaryd SK<\/strong><\/td>\n<td width=\"50\" height=\"13\"><strong>3<\/strong><\/td>\n<td width=\"50\" height=\"13\"><strong>26.5<\/strong><\/td>\n<\/tr>\n<tr>\n<td width=\"100\" height=\"13\"><\/td>\n<td width=\"50\" height=\"13\"><strong>50<\/strong><\/td>\n<td width=\"150\" height=\"13\"><strong>Leif Bohman<\/strong><\/td>\n<td width=\"250\" height=\"13\"><strong>Klippan<\/strong><\/td>\n<td width=\"50\" height=\"13\"><strong>3<\/strong><\/td>\n<td width=\"50\" height=\"13\"><strong>25<\/strong><\/td>\n<\/tr>\n<tr>\n<td width=\"100\" height=\"13\"><\/td>\n<td width=\"50\" height=\"13\"><strong>51<\/strong><\/td>\n<td width=\"150\" height=\"13\"><strong>Bertil P\u00e5lsson<\/strong><\/td>\n<td width=\"250\" height=\"13\"><strong>SASS<\/strong><\/td>\n<td width=\"50\" height=\"13\"><strong>3<\/strong><\/td>\n<td width=\"50\" height=\"13\"><strong>22.5<\/strong><\/td>\n<\/tr>\n<tr>\n<td width=\"100\" height=\"13\"><\/td>\n<td width=\"50\" height=\"13\"><strong>52<\/strong><\/td>\n<td width=\"150\" height=\"13\"><strong>Oskar Strandh-Tolin<\/strong><\/td>\n<td width=\"250\" height=\"13\"><strong>Knislinge<\/strong><\/td>\n<td width=\"50\" height=\"13\"><strong>3<\/strong><\/td>\n<td width=\"50\" height=\"13\"><strong>22<\/strong><\/td>\n<\/tr>\n<tr>\n<td width=\"100\" height=\"13\"><\/td>\n<td width=\"50\" height=\"13\"><strong>53<\/strong><\/td>\n<td width=\"150\" height=\"13\"><strong>Oscar J\u00f6nsson<\/strong><\/td>\n<td width=\"250\" height=\"13\"><strong>Sandl\u00f6paren<\/strong><\/td>\n<td width=\"50\" height=\"13\"><strong>3<\/strong><\/td>\n<td width=\"50\" height=\"13\"><strong>21<\/strong><\/td>\n<\/tr>\n<tr>\n<td width=\"100\" height=\"13\"><\/td>\n<td width=\"50\" height=\"13\"><strong>54<\/strong><\/td>\n<td width=\"150\" height=\"13\"><strong>Torgny Nilsson<\/strong><\/td>\n<td width=\"250\" height=\"13\"><strong>H\u00e4ssleholm SK<\/strong><\/td>\n<td width=\"50\" height=\"13\"><strong>2.5<\/strong><\/td>\n<td width=\"50\" height=\"13\"><strong>27.5<\/strong><\/td>\n<\/tr>\n<tr>\n<td width=\"100\" height=\"13\"><\/td>\n<td width=\"50\" height=\"13\"><strong>55<\/strong><\/td>\n<td width=\"150\" height=\"13\"><strong>Ivan Kulobaric<\/strong><\/td>\n<td width=\"250\" height=\"13\"><strong>Klippan<\/strong><\/td>\n<td width=\"50\" height=\"13\"><strong>2.5<\/strong><\/td>\n<td width=\"50\" height=\"13\"><strong>26.5<\/strong><\/td>\n<\/tr>\n<tr>\n<td width=\"100\" height=\"13\"><\/td>\n<td width=\"50\" height=\"13\"><strong>56<\/strong><\/td>\n<td width=\"150\" height=\"13\"><strong>Claes J\u00f6nsson<\/strong><\/td>\n<td width=\"250\" height=\"13\"><strong>Sandl\u00f6paren<\/strong><\/td>\n<td width=\"50\" height=\"13\"><strong>2.5<\/strong><\/td>\n<td width=\"50\" height=\"13\"><strong>25.5<\/strong><\/td>\n<\/tr>\n<tr>\n<td width=\"100\" height=\"13\"><\/td>\n<td width=\"50\" height=\"13\"><strong>57<\/strong><\/td>\n<td width=\"150\" height=\"13\"><strong>P-G J\u00f6nsson<\/strong><\/td>\n<td width=\"250\" height=\"13\"><strong>SASS<\/strong><\/td>\n<td width=\"50\" height=\"13\"><strong>2<\/strong><\/td>\n<td width=\"50\" height=\"13\"><strong>26<\/strong><\/td>\n<\/tr>\n<tr>\n<td width=\"100\" height=\"13\"><\/td>\n<td width=\"50\" height=\"13\"><strong>58<\/strong><\/td>\n<td width=\"150\" height=\"13\"><strong>Magnus Ljunggren<\/strong><\/td>\n<td width=\"250\" height=\"13\"><strong>ESS<\/strong><\/td>\n<td width=\"50\" height=\"13\"><strong>2<\/strong><\/td>\n<td width=\"50\" height=\"13\"><strong>26<\/strong><\/td>\n<\/tr>\n<tr>\n<td width=\"100\" height=\"13\"><\/td>\n<td width=\"50\" height=\"13\"><strong>59<\/strong><\/td>\n<td width=\"150\" height=\"13\"><strong>George Bobocea<\/strong><\/td>\n<td width=\"250\" height=\"13\"><strong>\u00c5storp<\/strong><\/td>\n<td width=\"50\" height=\"13\"><strong>2<\/strong><\/td>\n<td width=\"50\" height=\"13\"><strong>22.5<\/strong><\/td>\n<\/tr>\n<tr>\n<td width=\"100\" height=\"13\"><\/td>\n<td width=\"50\" height=\"13\"><strong>60<\/strong><\/td>\n<td width=\"150\" height=\"13\"><strong>Sven Olsson<\/strong><\/td>\n<td width=\"250\" height=\"13\"><strong>SASS<\/strong><\/td>\n<td width=\"50\" height=\"13\"><strong>2<\/strong><\/td>\n<td width=\"50\" height=\"13\"><strong>20<\/strong><\/td>\n<\/tr>\n<tr>\n<td width=\"100\" height=\"13\"><\/td>\n<td width=\"50\" height=\"13\"><strong>61<\/strong><\/td>\n<td width=\"150\" height=\"13\"><strong>Ted Johansson<\/strong><\/td>\n<td width=\"250\" height=\"13\"><strong>SASS<\/strong><\/td>\n<td width=\"50\" height=\"13\"><strong>1.5<\/strong><\/td>\n<td width=\"50\" height=\"13\"><strong>22.5<\/strong><\/td>\n<\/tr>\n<\/tbody>\n<\/table>\n<p>&nbsp;<\/p>\n","protected":false},"excerpt":{"rendered":"<p>8 ronder snabbschack med tidshandikapp. Slutst\u00e4llning 1 Anders Nilsson HASK 7 35 2 Leif H\u00f6glund Knislinge SK 6.5 36.5 3 Richard Persson MAS 6.5 34 4 Stefan H\u00e5kansson HASK 6 42 5 Carlos Th\u00f6rnberg Limhamns SK 6 37 6 Gregor &hellip; <a href=\"https:\/\/www.nvssf.com\/forbundet\/resultat\/resultat-2017\/skrombergas-mellandagsturnering-2017\/\">Forts\u00e4tt l\u00e4sa <span class=\"meta-nav\">&rarr;<\/span><\/a><\/p>\n","protected":false},"author":2,"featured_media":0,"parent":3948,"menu_order":0,"comment_status":"open","ping_status":"open","template":"sidebar-page.php","meta":{"_acf_changed":false,"footnotes":""},"acf":[],"_links":{"self":[{"href":"https:\/\/www.nvssf.com\/forbundet\/wp-json\/wp\/v2\/pages\/5466"}],"collection":[{"href":"https:\/\/www.nvssf.com\/forbundet\/wp-json\/wp\/v2\/pages"}],"about":[{"href":"https:\/\/www.nvssf.com\/forbundet\/wp-json\/wp\/v2\/types\/page"}],"author":[{"embeddable":true,"href":"https:\/\/www.nvssf.com\/forbundet\/wp-json\/wp\/v2\/users\/2"}],"replies":[{"embeddable":true,"href":"https:\/\/www.nvssf.com\/forbundet\/wp-json\/wp\/v2\/comments?post=5466"}],"version-history":[{"count":1,"href":"https:\/\/www.nvssf.com\/forbundet\/wp-json\/wp\/v2\/pages\/5466\/revisions"}],"predecessor-version":[{"id":5467,"href":"https:\/\/www.nvssf.com\/forbundet\/wp-json\/wp\/v2\/pages\/5466\/revisions\/5467"}],"up":[{"embeddable":true,"href":"https:\/\/www.nvssf.com\/forbundet\/wp-json\/wp\/v2\/pages\/3948"}],"wp:attachment":[{"href":"https:\/\/www.nvssf.com\/forbundet\/wp-json\/wp\/v2\/media?parent=5466"}],"curies":[{"name":"wp","href":"https:\/\/api.w.org\/{rel}","templated":true}]}}