{"id":5610,"date":"2018-02-03T20:30:11","date_gmt":"2018-02-03T19:30:11","guid":{"rendered":"http:\/\/www.nvssf.com\/forbundet\/?page_id=5610"},"modified":"2018-02-04T18:42:34","modified_gmt":"2018-02-04T17:42:34","slug":"masken-alen-2018","status":"publish","type":"page","link":"https:\/\/www.nvssf.com\/forbundet\/resultat\/resultat-2018\/masken-alen-2018\/","title":{"rendered":"Masken\/\u00c5len 2018"},"content":{"rendered":"<p>Klicka p\u00e5 tabellen f\u00f6r full storlek.<\/p>\n<h1>\u00c5len A (f 1997-2000)<\/h1>\n<p><a href=\"https:\/\/www.nvssf.com\/forbundet\/wp-content\/uploads\/2018\/02\/AlenA.png\"><img loading=\"lazy\" decoding=\"async\" class=\"alignleft size-medium wp-image-5620\" src=\"https:\/\/www.nvssf.com\/forbundet\/wp-content\/uploads\/2018\/02\/AlenA-300x81.png\" alt=\"\" width=\"300\" height=\"81\" srcset=\"https:\/\/www.nvssf.com\/forbundet\/wp-content\/uploads\/2018\/02\/AlenA-300x81.png 300w, https:\/\/www.nvssf.com\/forbundet\/wp-content\/uploads\/2018\/02\/AlenA-150x41.png 150w, https:\/\/www.nvssf.com\/forbundet\/wp-content\/uploads\/2018\/02\/AlenA-768x208.png 768w, https:\/\/www.nvssf.com\/forbundet\/wp-content\/uploads\/2018\/02\/AlenA-500x135.png 500w, https:\/\/www.nvssf.com\/forbundet\/wp-content\/uploads\/2018\/02\/AlenA.png 861w\" sizes=\"(max-width: 300px) 100vw, 300px\" \/><\/a><\/p>\n<h1>\u00c5len B (f 2001-2004)<\/h1>\n<p><a href=\"https:\/\/www.nvssf.com\/forbundet\/wp-content\/uploads\/2018\/02\/AlenB.png\"><img loading=\"lazy\" decoding=\"async\" class=\"alignleft size-medium wp-image-5619\" src=\"https:\/\/www.nvssf.com\/forbundet\/wp-content\/uploads\/2018\/02\/AlenB-300x184.png\" alt=\"\" width=\"300\" height=\"184\" srcset=\"https:\/\/www.nvssf.com\/forbundet\/wp-content\/uploads\/2018\/02\/AlenB-300x184.png 300w, https:\/\/www.nvssf.com\/forbundet\/wp-content\/uploads\/2018\/02\/AlenB-150x92.png 150w, https:\/\/www.nvssf.com\/forbundet\/wp-content\/uploads\/2018\/02\/AlenB-768x472.png 768w, https:\/\/www.nvssf.com\/forbundet\/wp-content\/uploads\/2018\/02\/AlenB-488x300.png 488w, https:\/\/www.nvssf.com\/forbundet\/wp-content\/uploads\/2018\/02\/AlenB.png 859w\" sizes=\"(max-width: 300px) 100vw, 300px\" \/><\/a><\/p>\n<p>&nbsp;<\/p>\n<p>&nbsp;<\/p>\n<p>&nbsp;<\/p>\n<h1>Masken A (f 2005-2006)<\/h1>\n<p><a href=\"https:\/\/www.nvssf.com\/forbundet\/wp-content\/uploads\/2018\/02\/MaskenA.png\"><img loading=\"lazy\" decoding=\"async\" class=\"alignleft size-medium wp-image-5618\" src=\"https:\/\/www.nvssf.com\/forbundet\/wp-content\/uploads\/2018\/02\/MaskenA-300x184.png\" alt=\"\" width=\"300\" height=\"184\" srcset=\"https:\/\/www.nvssf.com\/forbundet\/wp-content\/uploads\/2018\/02\/MaskenA-300x184.png 300w, https:\/\/www.nvssf.com\/forbundet\/wp-content\/uploads\/2018\/02\/MaskenA-150x92.png 150w, https:\/\/www.nvssf.com\/forbundet\/wp-content\/uploads\/2018\/02\/MaskenA-768x471.png 768w, https:\/\/www.nvssf.com\/forbundet\/wp-content\/uploads\/2018\/02\/MaskenA-490x300.png 490w, https:\/\/www.nvssf.com\/forbundet\/wp-content\/uploads\/2018\/02\/MaskenA.png 855w\" sizes=\"(max-width: 300px) 100vw, 300px\" \/><\/a><\/p>\n<h1>Masken B (f 2007- )<\/h1>\n<p><a href=\"https:\/\/www.nvssf.com\/forbundet\/wp-content\/uploads\/2018\/02\/MaskenB.png\"><img loading=\"lazy\" decoding=\"async\" class=\"alignleft size-medium wp-image-5617\" src=\"https:\/\/www.nvssf.com\/forbundet\/wp-content\/uploads\/2018\/02\/MaskenB-268x300.png\" alt=\"\" width=\"268\" height=\"300\" srcset=\"https:\/\/www.nvssf.com\/forbundet\/wp-content\/uploads\/2018\/02\/MaskenB-268x300.png 268w, https:\/\/www.nvssf.com\/forbundet\/wp-content\/uploads\/2018\/02\/MaskenB-134x150.png 134w, https:\/\/www.nvssf.com\/forbundet\/wp-content\/uploads\/2018\/02\/MaskenB.png 685w\" sizes=\"(max-width: 268px) 100vw, 268px\" \/><\/a><\/p>\n","protected":false},"excerpt":{"rendered":"<p>Klicka p\u00e5 tabellen f\u00f6r full storlek. \u00c5len A (f 1997-2000) \u00c5len B (f 2001-2004) &nbsp; &nbsp; &nbsp; Masken A (f 2005-2006) Masken B (f 2007- )<\/p>\n","protected":false},"author":2,"featured_media":0,"parent":5612,"menu_order":0,"comment_status":"open","ping_status":"open","template":"sidebar-page.php","meta":{"_acf_changed":false,"footnotes":""},"acf":[],"_links":{"self":[{"href":"https:\/\/www.nvssf.com\/forbundet\/wp-json\/wp\/v2\/pages\/5610"}],"collection":[{"href":"https:\/\/www.nvssf.com\/forbundet\/wp-json\/wp\/v2\/pages"}],"about":[{"href":"https:\/\/www.nvssf.com\/forbundet\/wp-json\/wp\/v2\/types\/page"}],"author":[{"embeddable":true,"href":"https:\/\/www.nvssf.com\/forbundet\/wp-json\/wp\/v2\/users\/2"}],"replies":[{"embeddable":true,"href":"https:\/\/www.nvssf.com\/forbundet\/wp-json\/wp\/v2\/comments?post=5610"}],"version-history":[{"count":1,"href":"https:\/\/www.nvssf.com\/forbundet\/wp-json\/wp\/v2\/pages\/5610\/revisions"}],"predecessor-version":[{"id":5621,"href":"https:\/\/www.nvssf.com\/forbundet\/wp-json\/wp\/v2\/pages\/5610\/revisions\/5621"}],"up":[{"embeddable":true,"href":"https:\/\/www.nvssf.com\/forbundet\/wp-json\/wp\/v2\/pages\/5612"}],"wp:attachment":[{"href":"https:\/\/www.nvssf.com\/forbundet\/wp-json\/wp\/v2\/media?parent=5610"}],"curies":[{"name":"wp","href":"https:\/\/api.w.org\/{rel}","templated":true}]}}

Masken/Ålen 2018

<p>Klicka på tabellen för full storlek.</p>
<h1>Ålen A (f 1997-2000)</h1>
<p><a href="https://www.nvssf.com/forbundet/wp-content/uploads/2018/02/AlenA.png"><img loading="lazy" decoding="async" class="alignleft size-medium wp-image-5620" src="https://www.nvssf.com/forbundet/wp-content/uploads/2018/02/AlenA-300x81.png" alt="" width="300" height="81" srcset="https://www.nvssf.com/forbundet/wp-content/uploads/2018/02/AlenA-300x81.png 300w, https://www.nvssf.com/forbundet/wp-content/uploads/2018/02/AlenA-150x41.png 150w, https://www.nvssf.com/forbundet/wp-content/uploads/2018/02/AlenA-768x208.png 768w, https://www.nvssf.com/forbundet/wp-content/uploads/2018/02/AlenA-500x135.png 500w, https://www.nvssf.com/forbundet/wp-content/uploads/2018/02/AlenA.png 861w" sizes="(max-width: 300px) 100vw, 300px" /></a></p>
<h1>Ålen B (f 2001-2004)</h1>
<p><a href="https://www.nvssf.com/forbundet/wp-content/uploads/2018/02/AlenB.png"><img loading="lazy" decoding="async" class="alignleft size-medium wp-image-5619" src="https://www.nvssf.com/forbundet/wp-content/uploads/2018/02/AlenB-300x184.png" alt="" width="300" height="184" srcset="https://www.nvssf.com/forbundet/wp-content/uploads/2018/02/AlenB-300x184.png 300w, https://www.nvssf.com/forbundet/wp-content/uploads/2018/02/AlenB-150x92.png 150w, https://www.nvssf.com/forbundet/wp-content/uploads/2018/02/AlenB-768x472.png 768w, https://www.nvssf.com/forbundet/wp-content/uploads/2018/02/AlenB-488x300.png 488w, https://www.nvssf.com/forbundet/wp-content/uploads/2018/02/AlenB.png 859w" sizes="(max-width: 300px) 100vw, 300px" /></a></p>
<p>&nbsp;</p>
<p>&nbsp;</p>
<p>&nbsp;</p>
<h1>Masken A (f 2005-2006)</h1>
<p><a href="https://www.nvssf.com/forbundet/wp-content/uploads/2018/02/MaskenA.png"><img loading="lazy" decoding="async" class="alignleft size-medium wp-image-5618" src="https://www.nvssf.com/forbundet/wp-content/uploads/2018/02/MaskenA-300x184.png" alt="" width="300" height="184" srcset="https://www.nvssf.com/forbundet/wp-content/uploads/2018/02/MaskenA-300x184.png 300w, https://www.nvssf.com/forbundet/wp-content/uploads/2018/02/MaskenA-150x92.png 150w, https://www.nvssf.com/forbundet/wp-content/uploads/2018/02/MaskenA-768x471.png 768w, https://www.nvssf.com/forbundet/wp-content/uploads/2018/02/MaskenA-490x300.png 490w, https://www.nvssf.com/forbundet/wp-content/uploads/2018/02/MaskenA.png 855w" sizes="(max-width: 300px) 100vw, 300px" /></a></p>
<h1>Masken B (f 2007- )</h1>
<p><a href="https://www.nvssf.com/forbundet/wp-content/uploads/2018/02/MaskenB.png"><img loading="lazy" decoding="async" class="alignleft size-medium wp-image-5617" src="https://www.nvssf.com/forbundet/wp-content/uploads/2018/02/MaskenB-268x300.png" alt="" width="268" height="300" srcset="https://www.nvssf.com/forbundet/wp-content/uploads/2018/02/MaskenB-268x300.png 268w, https://www.nvssf.com/forbundet/wp-content/uploads/2018/02/MaskenB-134x150.png 134w, https://www.nvssf.com/forbundet/wp-content/uploads/2018/02/MaskenB.png 685w" sizes="(max-width: 268px) 100vw, 268px" /></a></p>

<p>Klicka på tabellen för full storlek. Ålen A (f 1997-2000) Ålen B (f 2001-2004) &nbsp; &nbsp; &nbsp; Masken A (f 2005-2006) Masken B (f 2007- )</p>
