{"id":7326,"date":"2019-04-12T15:59:50","date_gmt":"2019-04-12T13:59:50","guid":{"rendered":"http:\/\/www.nvssf.com\/forbundet\/?page_id=7326"},"modified":"2022-02-01T09:47:58","modified_gmt":"2022-02-01T08:47:58","slug":"schackfyrans-distriktskval-2019","status":"publish","type":"page","link":"https:\/\/www.nvssf.com\/forbundet\/resultat\/resultat-2019\/schackfyrans-distriktskval-2019\/","title":{"rendered":"Schackfyrans distriktsfinal 2019"},"content":{"rendered":"<p>Distriktsfinalen spelades p\u00e5 Idrottens Hus i Helsingborg fredagen den 12 april.<\/p>\n<p><strong>Spelform:<\/strong> Fyra partier spelades med 20 minuters bet\u00e4nketid. Partier som inte var avgjorda efter 20 minuter avd\u00f6mdes. Deltagarna fick 3 po\u00e4ng f\u00f6r vinst, 2 f\u00f6r remi och 1 po\u00e4ng vid f\u00f6rlust.<br \/>\nLagets po\u00e4ng i en rond ber\u00e4knas som 40 dividerat med klassens storlek g\u00e5nger klassens inspelade po\u00e4ng. Om laget anv\u00e4nder extraspelare s\u00e5 ska de r\u00e4knas in i klassens storlek. Om klassen har f\u00e4rre \u00e4n 10 elever ska klassens storlek r\u00e4knas som 10 st.<br \/>\nEller: Lagets po\u00e4ng = 40 \/ klassens storlek * inspelade po\u00e4ng.<br \/>\nSchackfyrans regler hittar du p\u00e5 Sveriges Schackf\u00f6rbunds <span class=\"removed_link\" title=\"http:\/\/schack.se\/schack-i-skolan\/schackfyran\/regler-schackfyran\/\">hemsida.<\/span><\/p>\n<h2 id=\"tablepress-103-name\" class=\"tablepress-table-name tablepress-table-name-id-103\">Slutst\u00e4llning Schack4ans Distriksfinal Nordv\u00e4stra Sk\u00e5ne 2019<\/h2>\n\n<table id=\"tablepress-103\" class=\"tablepress tablepress-id-103\" aria-labelledby=\"tablepress-103-name\">\n<tbody class=\"row-striping row-hover\">\n<tr class=\"row-1\">\n\t<td class=\"column-1\">1<\/td><td class=\"column-2\">KUBIK<\/td><td class=\"column-3\">344<\/td>\n<\/tr>\n<tr class=\"row-2\">\n\t<td class=\"column-1\">2<\/td><td class=\"column-2\">Dibber Rydeb\u00e4cks skola<\/td><td class=\"column-3\">327<\/td>\n<\/tr>\n<tr class=\"row-3\">\n\t<td class=\"column-1\">3<\/td><td class=\"column-2\">Slottsh\u00f6jdens Skola<\/td><td class=\"column-3\">324<\/td>\n<\/tr>\n<tr class=\"row-4\">\n\t<td class=\"column-1\">4<\/td><td class=\"column-2\">Brog\u00e5rda 4B<\/td><td class=\"column-3\">313<\/td>\n<\/tr>\n<tr class=\"row-5\">\n\t<td class=\"column-1\">5<\/td><td class=\"column-2\">International School<\/td><td class=\"column-3\">300<\/td>\n<\/tr>\n<tr class=\"row-6\">\n\t<td class=\"column-1\">6<\/td><td class=\"column-2\">B\u00e5stad Montessori<\/td><td class=\"column-3\">298<\/td>\n<\/tr>\n<tr class=\"row-7\">\n\t<td class=\"column-1\">7<\/td><td class=\"column-2\">\u00c4ttekullaskolan<\/td><td class=\"column-3\">280<\/td>\n<\/tr>\n<tr class=\"row-8\">\n\t<td class=\"column-1\">8<\/td><td class=\"column-2\">Brog\u00e5rda 4C<\/td><td class=\"column-3\">270<\/td>\n<\/tr>\n<tr class=\"row-9\">\n\t<td class=\"column-1\">9<\/td><td class=\"column-2\">Slottsv\u00e5ngsskolan<\/td><td class=\"column-3\">237<\/td>\n<\/tr>\n<tr class=\"row-10\">\n\t<td class=\"column-1\">10<\/td><td class=\"column-2\">Vikens Montessori<\/td><td class=\"column-3\">233<\/td>\n<\/tr>\n<tr class=\"row-11\">\n\t<td class=\"column-1\">11<\/td><td class=\"column-2\">Heleneborg R\u00f6d<\/td><td class=\"column-3\">230<\/td>\n<\/tr>\n<tr class=\"row-12\">\n\t<td class=\"column-1\">12<\/td><td class=\"column-2\">Heleneborg Gul<\/td><td class=\"column-3\">213<\/td>\n<\/tr>\n<tr class=\"row-13\">\n\t<td class=\"column-1\">13<\/td><td class=\"column-2\">Heleneborg Gr\u00f6n<\/td><td class=\"column-3\">204<\/td>\n<\/tr>\n<\/tbody>\n<\/table>\n<!-- #tablepress-103 from cache -->\n\n<!-- Page-list plugin v.5.9 wordpress.org\/plugins\/page-list\/ -->\n<ul class=\"page-list \">\n<li class=\"page_item page-item-7331\"><a href=\"https:\/\/www.nvssf.com\/forbundet\/resultat\/resultat-2019\/schackfyrans-distriktskval-2019\/individuella-resultat-kubik-skolan\/\">Individuella resultat KUBIK skolan<\/a><\/li>\n<li class=\"page_item page-item-7333\"><a href=\"https:\/\/www.nvssf.com\/forbundet\/resultat\/resultat-2019\/schackfyrans-distriktskval-2019\/individuella-resultat-dibber-rydebacks-skola\/\">Individuella resultat Dibber Rydeb\u00e4cks skola<\/a><\/li>\n<li class=\"page_item page-item-7336\"><a href=\"https:\/\/www.nvssf.com\/forbundet\/resultat\/resultat-2019\/schackfyrans-distriktskval-2019\/individuella-resultat-slottshojden\/\">Individuella resultat Slottsh\u00f6jden<\/a><\/li>\n<li class=\"page_item page-item-7339\"><a href=\"https:\/\/www.nvssf.com\/forbundet\/resultat\/resultat-2019\/schackfyrans-distriktskval-2019\/individuella-resultat-brogarda-4b\/\">Individuella resultat Brog\u00e5rda 4B<\/a><\/li>\n<li class=\"page_item page-item-7341\"><a href=\"https:\/\/www.nvssf.com\/forbundet\/resultat\/resultat-2019\/schackfyrans-distriktskval-2019\/individuella-resultat-international-school\/\">Individuella resultat International School<\/a><\/li>\n<li class=\"page_item page-item-7343\"><a href=\"https:\/\/www.nvssf.com\/forbundet\/resultat\/resultat-2019\/schackfyrans-distriktskval-2019\/individuella-resultat-bastads-montessoriskola\/\">Individuella resultat B\u00e5stads Montessoriskola<\/a><\/li>\n<li class=\"page_item page-item-7345\"><a href=\"https:\/\/www.nvssf.com\/forbundet\/resultat\/resultat-2019\/schackfyrans-distriktskval-2019\/individuella-resultat-attekullaskolan\/\">Individuella resultat \u00c4ttekullaskolan<\/a><\/li>\n<li class=\"page_item page-item-7347\"><a href=\"https:\/\/www.nvssf.com\/forbundet\/resultat\/resultat-2019\/schackfyrans-distriktskval-2019\/individuella-resultat-brogarda-4c\/\">Individuella resultat Brog\u00e5rda 4C<\/a><\/li>\n<li class=\"page_item page-item-7349\"><a href=\"https:\/\/www.nvssf.com\/forbundet\/resultat\/resultat-2019\/schackfyrans-distriktskval-2019\/individuella-resultat-slottsvangsskolan\/\">Individuella resultat Slottsv\u00e5ngsskolan<\/a><\/li>\n<li class=\"page_item page-item-7351\"><a href=\"https:\/\/www.nvssf.com\/forbundet\/resultat\/resultat-2019\/schackfyrans-distriktskval-2019\/individuella-resultat-vikens-montessoriskola\/\">Individuella resultat Vikens Montessoriskola<\/a><\/li>\n<li class=\"page_item page-item-7353\"><a href=\"https:\/\/www.nvssf.com\/forbundet\/resultat\/resultat-2019\/schackfyrans-distriktskval-2019\/individuella-resultat-heleneborg-rod\/\">Individuella resultat Heleneborg r\u00f6d<\/a><\/li>\n<li class=\"page_item page-item-7355\"><a href=\"https:\/\/www.nvssf.com\/forbundet\/resultat\/resultat-2019\/schackfyrans-distriktskval-2019\/individuella-resultat-heleneborg-gul\/\">Individuella resultat Heleneborg Gul<\/a><\/li>\n<li class=\"page_item page-item-7357\"><a href=\"https:\/\/www.nvssf.com\/forbundet\/resultat\/resultat-2019\/schackfyrans-distriktskval-2019\/individuella-resultat-heleneborg-gron\/\">Individuella resultat Heleneborg Gr\u00f6n<\/a><\/li>\n\n<\/ul>\n","protected":false},"excerpt":{"rendered":"<p>Distriktsfinalen spelades p\u00e5 Idrottens Hus i Helsingborg fredagen den 12 april. Spelform: Fyra partier spelades med 20 minuters bet\u00e4nketid. Partier som inte var avgjorda efter 20 minuter avd\u00f6mdes. Deltagarna fick 3 po\u00e4ng f\u00f6r vinst, 2 f\u00f6r remi och 1 po\u00e4ng &hellip; <a href=\"https:\/\/www.nvssf.com\/forbundet\/resultat\/resultat-2019\/schackfyrans-distriktskval-2019\/\">Forts\u00e4tt l\u00e4sa <span class=\"meta-nav\">&rarr;<\/span><\/a><\/p>\n","protected":false},"author":2,"featured_media":0,"parent":7081,"menu_order":0,"comment_status":"open","ping_status":"open","template":"sidebar-page.php","meta":{"_acf_changed":false,"footnotes":""},"acf":[],"_links":{"self":[{"href":"https:\/\/www.nvssf.com\/forbundet\/wp-json\/wp\/v2\/pages\/7326"}],"collection":[{"href":"https:\/\/www.nvssf.com\/forbundet\/wp-json\/wp\/v2\/pages"}],"about":[{"href":"https:\/\/www.nvssf.com\/forbundet\/wp-json\/wp\/v2\/types\/page"}],"author":[{"embeddable":true,"href":"https:\/\/www.nvssf.com\/forbundet\/wp-json\/wp\/v2\/users\/2"}],"replies":[{"embeddable":true,"href":"https:\/\/www.nvssf.com\/forbundet\/wp-json\/wp\/v2\/comments?post=7326"}],"version-history":[{"count":1,"href":"https:\/\/www.nvssf.com\/forbundet\/wp-json\/wp\/v2\/pages\/7326\/revisions"}],"predecessor-version":[{"id":10969,"href":"https:\/\/www.nvssf.com\/forbundet\/wp-json\/wp\/v2\/pages\/7326\/revisions\/10969"}],"up":[{"embeddable":true,"href":"https:\/\/www.nvssf.com\/forbundet\/wp-json\/wp\/v2\/pages\/7081"}],"wp:attachment":[{"href":"https:\/\/www.nvssf.com\/forbundet\/wp-json\/wp\/v2\/media?parent=7326"}],"curies":[{"name":"wp","href":"https:\/\/api.w.org\/{rel}","templated":true}]}}