{"id":7804,"date":"2019-08-30T13:29:41","date_gmt":"2019-08-30T11:29:41","guid":{"rendered":"http:\/\/www.nvssf.com\/forbundet\/?page_id=7804"},"modified":"2019-10-02T14:04:39","modified_gmt":"2019-10-02T12:04:39","slug":"6-klubbsmatchen-2019","status":"publish","type":"page","link":"https:\/\/www.nvssf.com\/forbundet\/resultat\/resultat-2019\/6-klubbsmatchen-2019\/","title":{"rendered":"6-klubbsmatchen 2019"},"content":{"rendered":"<h2>Spelat i Helsingborg,Sverige den 29 september. Arrang\u00f6rer: Helsingborgs ASK och Helsingborgs SS.<\/h2>\n<p><a href=\"https:\/\/www.nvssf.com\/forbundet\/wp-content\/uploads\/2018\/10\/reglement_6_kant_matchen.pdf\" target=\"_blank\" rel=\"noopener noreferrer\">Regler.<\/a><\/p>\n<p><strong>Resultat denna omg\u00e5ng.<\/strong><\/p>\n<table style=\"border-collapse: collapse; width: 100%; height: 144px;\">\n<tbody>\n<tr style=\"height: 24px;\">\n<td style=\"width: 33.3333%; height: 24px;\">1.<\/td>\n<td style=\"width: 33.3333%; height: 24px;\">Helsing\u00c3\u00b8r Skakklub<\/td>\n<td style=\"width: 33.3333%; height: 24px;\">7 partipo\u00e4ng<\/td>\n<\/tr>\n<tr style=\"height: 24px;\">\n<td style=\"width: 33.3333%; height: 24px;\">2.<\/td>\n<td style=\"width: 33.3333%; height: 24px;\">Skakklubben Nordkalotten<\/td>\n<td style=\"width: 33.3333%; height: 24px;\">6\u00bd<\/td>\n<\/tr>\n<tr style=\"height: 24px;\">\n<td style=\"width: 33.3333%; height: 24px;\">3.<\/td>\n<td style=\"width: 33.3333%; height: 24px;\">Helsingborgs Schackallians<\/td>\n<td style=\"width: 33.3333%; height: 24px;\">6<\/td>\n<\/tr>\n<tr style=\"height: 24px;\">\n<td style=\"width: 33.3333%; height: 24px;\">4.<\/td>\n<td style=\"width: 33.3333%; height: 24px;\">Engelholms SK<\/td>\n<td style=\"width: 33.3333%; height: 24px;\">4<\/td>\n<\/tr>\n<tr style=\"height: 24px;\">\n<td style=\"width: 33.3333%; height: 24px;\">5.<\/td>\n<td style=\"width: 33.3333%; height: 24px;\">Hiller\u00c3\u00b8d Skakklub<\/td>\n<td style=\"width: 33.3333%; height: 24px;\">3\u00bd<\/td>\n<\/tr>\n<tr style=\"height: 24px;\">\n<td style=\"width: 33.3333%; height: 24px;\">6.<\/td>\n<td style=\"width: 33.3333%; height: 24px;\">\u00c5storps SS<\/td>\n<td style=\"width: 33.3333%; height: 24px;\">3<\/td>\n<\/tr>\n<\/tbody>\n<\/table>\n<h2>Slutst\u00e4llning totalt efter omg\u00e5ng 6 (den sista i denna cykeln).<\/h2>\n<table>\n<thead>\n<tr>\n<td><\/td>\n<td><strong>PP<\/strong><\/td>\n<td><strong>MP<\/strong><\/td>\n<td><\/td>\n<\/tr>\n<\/thead>\n<tbody>\n<tr>\n<td><strong>Helsingborgs Schackallians<\/strong><\/td>\n<td>39\u00bd<\/td>\n<td>22<\/td>\n<td><\/td>\n<\/tr>\n<tr>\n<td><strong>Helsing\u00c3\u00b8r Skakklub<\/strong><\/td>\n<td>38\u00bd<\/td>\n<td>22<\/td>\n<td><\/td>\n<\/tr>\n<tr>\n<td><strong>\u00c5storps SS<\/strong><\/td>\n<td>31\u00bd<\/td>\n<td>18<\/td>\n<td><\/td>\n<\/tr>\n<tr>\n<td><strong>Hiller\u00c3\u00b8d Skakklub<\/strong><\/td>\n<td>30<\/td>\n<td>17<\/td>\n<td><\/td>\n<\/tr>\n<tr>\n<td><strong>\u00c2\u00a0Skakklubben Nordkalotten<\/strong><\/td>\n<td>25<\/td>\n<td>10<\/td>\n<td><\/td>\n<\/tr>\n<tr>\n<td><strong>\u00c2\u00a0Engelholms SK<\/strong><\/td>\n<td>15\u00bd<\/td>\n<td>4<\/td>\n<td><\/td>\n<\/tr>\n<\/tbody>\n<\/table>\n<p>&nbsp;<\/p>\n<table style=\"width: 100%; height: 312px;\">\n<thead>\n<tr style=\"height: 24px;\">\n<td style=\"height: 24px;\">\u00c2\u00a0<strong>A\u00c2\u00a0<\/strong><\/td>\n<td style=\"height: 24px;\"><strong>\u00c5storps SS\u00c2\u00a0<\/strong><\/td>\n<td style=\"height: 24px;\"><\/td>\n<td style=\"height: 24px;\"><\/td>\n<td style=\"height: 24px;\"><\/td>\n<\/tr>\n<\/thead>\n<tbody>\n<tr style=\"height: 24px;\">\n<td style=\"height: 24px;\"><\/td>\n<td style=\"height: 24px;\">Spelare<\/td>\n<td style=\"height: 24px;\">Motst\u00e5ndare<\/td>\n<td style=\"height: 24px;\">Resultat<\/td>\n<td style=\"height: 24px;\"><\/td>\n<\/tr>\n<tr style=\"height: 24px;\">\n<td style=\"height: 24px;\">\u00c2\u00a0A1<\/td>\n<td style=\"height: 24px;\">Arnthor Einarsson 2320<\/td>\n<td style=\"height: 24px;\">B1<\/td>\n<td style=\"height: 24px;\">\u00bd<\/td>\n<td style=\"height: 24px;\"><\/td>\n<\/tr>\n<tr style=\"height: 24px;\">\n<td style=\"height: 24px;\">\u00c2\u00a0A2<\/td>\n<td style=\"height: 24px;\">Jan Bengtsson 1929<\/td>\n<td style=\"height: 24px;\">C2<\/td>\n<td style=\"height: 24px;\">0<\/td>\n<td style=\"height: 24px;\"><\/td>\n<\/tr>\n<tr style=\"height: 24px;\">\n<td style=\"height: 24px;\">\u00c2\u00a0A3<\/td>\n<td style=\"height: 24px;\">Lars F Olsson 1933<\/td>\n<td style=\"height: 24px;\">D3<\/td>\n<td style=\"height: 24px;\">\u00bd<\/td>\n<td style=\"height: 24px;\"><\/td>\n<\/tr>\n<tr style=\"height: 24px;\">\n<td style=\"height: 24px;\">\u00c2\u00a0A4<\/td>\n<td style=\"height: 24px;\">Leif Boman 1848<\/td>\n<td style=\"height: 24px;\">E4<\/td>\n<td style=\"height: 24px;\">0<\/td>\n<td style=\"height: 24px;\"><\/td>\n<\/tr>\n<tr style=\"height: 24px;\">\n<td style=\"height: 24px;\">\u00c2\u00a0A5<\/td>\n<td style=\"height: 24px;\">Ted Sandbech 1668<\/td>\n<td style=\"height: 24px;\">F5<\/td>\n<td style=\"height: 24px;\">1<\/td>\n<td style=\"height: 24px;\"><\/td>\n<\/tr>\n<tr style=\"height: 24px;\">\n<td style=\"height: 24px;\">\u00c2\u00a0A6<\/td>\n<td style=\"height: 24px;\">Ivan Kolobaric 1676<\/td>\n<td style=\"height: 24px;\">F6<\/td>\n<td style=\"height: 24px;\">0<\/td>\n<td style=\"height: 24px;\"><\/td>\n<\/tr>\n<tr style=\"height: 24px;\">\n<td style=\"height: 24px;\">\u00c2\u00a0A7<\/td>\n<td style=\"height: 24px;\">Bertil \u00d6jerskog 1407<\/td>\n<td style=\"height: 24px;\">E7<\/td>\n<td style=\"height: 24px;\">0<\/td>\n<td style=\"height: 24px;\"><\/td>\n<\/tr>\n<tr style=\"height: 24px;\">\n<td style=\"height: 24px;\">\u00c2\u00a0A8<\/td>\n<td style=\"height: 24px;\">Robin Ravn 1338<\/td>\n<td style=\"height: 24px;\">D8<\/td>\n<td style=\"height: 24px;\">0<\/td>\n<td style=\"height: 24px;\"><\/td>\n<\/tr>\n<tr style=\"height: 24px;\">\n<td style=\"height: 24px;\">\u00c2\u00a0A9<\/td>\n<td style=\"height: 24px;\">Muhammed Hamid<\/td>\n<td style=\"height: 24px;\">C9<\/td>\n<td style=\"height: 24px;\">1<\/td>\n<td style=\"height: 24px;\"><\/td>\n<\/tr>\n<tr style=\"height: 24px;\">\n<td style=\"height: 24px;\">\u00c2\u00a0A10<\/td>\n<td style=\"height: 24px;\">Bo Andersson 1373<\/td>\n<td style=\"height: 24px;\">B10<\/td>\n<td style=\"height: 24px;\">0<\/td>\n<td style=\"height: 24px;\"><\/td>\n<\/tr>\n<tr style=\"height: 24px;\">\n<td style=\"height: 24px;\"><\/td>\n<td style=\"height: 24px;\"><\/td>\n<td style=\"height: 24px;\"><\/td>\n<td style=\"height: 24px;\"><strong>Summa:3<\/strong><\/td>\n<td style=\"height: 24px;\"><\/td>\n<\/tr>\n<\/tbody>\n<\/table>\n<table>\n<thead>\n<tr>\n<td>\u00c2\u00a0<strong>B<\/strong><\/td>\n<td>\u00c2\u00a0<strong>Helsing\u00c3\u00b8r Skakklub<\/strong><strong><br \/>\n<\/strong><\/td>\n<td><\/td>\n<td><\/td>\n<td><\/td>\n<\/tr>\n<\/thead>\n<tbody>\n<tr>\n<td><\/td>\n<td>Spelare<\/td>\n<td>Motst\u00e5ndare<\/td>\n<td>Resultat<\/td>\n<td><\/td>\n<\/tr>\n<tr>\n<td>B1<\/td>\n<td>Ole Larsen 2200<\/td>\n<td>A1<\/td>\n<td>\u00bd<\/td>\n<td><\/td>\n<\/tr>\n<tr>\n<td>B2<\/td>\n<td>Dennis J\u00c3\u00b8rgensen 2100<\/td>\n<td>F2<\/td>\n<td>1<\/td>\n<td><\/td>\n<\/tr>\n<tr>\n<td>B3<\/td>\n<td>Gerner Carlsson 2100<\/td>\n<td>C3<\/td>\n<td>\u00bd<\/td>\n<td><\/td>\n<\/tr>\n<tr>\n<td>B4<\/td>\n<td>Nicholas Nielsen 2000<\/td>\n<td>D4<\/td>\n<td>1<\/td>\n<td><\/td>\n<\/tr>\n<tr>\n<td>B5<\/td>\n<td>Jan Rimer 2000<\/td>\n<td>E5<\/td>\n<td>0<\/td>\n<td><\/td>\n<\/tr>\n<tr>\n<td>B6<\/td>\n<td>Claus Molin 1900<\/td>\n<td>E6<\/td>\n<td>1<\/td>\n<td><\/td>\n<\/tr>\n<tr>\n<td>B7<\/td>\n<td>Casper St\u00c3\u00b8chkel 1700<\/td>\n<td>D7<\/td>\n<td>0<\/td>\n<td><\/td>\n<\/tr>\n<tr>\n<td>B8<\/td>\n<td>Ulf Nonboe 1700<\/td>\n<td>C8<\/td>\n<td>1<\/td>\n<td><\/td>\n<\/tr>\n<tr>\n<td>B9<\/td>\n<td>Leo Nielsen 1600<\/td>\n<td>F9<\/td>\n<td>1<\/td>\n<td><\/td>\n<\/tr>\n<tr>\n<td>B10<\/td>\n<td>Dennis Madsen 1600<\/td>\n<td>A10<\/td>\n<td>1<\/td>\n<td><\/td>\n<\/tr>\n<tr>\n<td><\/td>\n<td><\/td>\n<td><\/td>\n<td>\u00c2\u00a0<strong>Summa:7<\/strong><\/td>\n<td><\/td>\n<\/tr>\n<\/tbody>\n<\/table>\n<table>\n<thead>\n<tr>\n<td>\u00c2\u00a0<strong>C<\/strong><\/td>\n<td><strong>\u00c2\u00a0Hiller\u00c3\u00b8d Skakklub<\/strong><\/td>\n<td><\/td>\n<td><\/td>\n<td><\/td>\n<\/tr>\n<\/thead>\n<tbody>\n<tr>\n<td><\/td>\n<td>Spelare<\/td>\n<td>Motst\u00e5ndare<\/td>\n<td>Resultat<\/td>\n<td><\/td>\n<\/tr>\n<tr>\n<td>\u00c2\u00a0C1<\/td>\n<td>Jens \u00c3\u02dcstergaard 2228<\/td>\n<td>E1<\/td>\n<td>\u00bd<\/td>\n<td><\/td>\n<\/tr>\n<tr>\n<td>\u00c2\u00a0C2<\/td>\n<td>Peter Svendsen 1979<\/td>\n<td>A2<\/td>\n<td>1<\/td>\n<td><\/td>\n<\/tr>\n<tr>\n<td>\u00c2\u00a0C3<\/td>\n<td>Hans E. Jacobsen 1928<\/td>\n<td>B3<\/td>\n<td>\u00bd<\/td>\n<td><\/td>\n<\/tr>\n<tr>\n<td>\u00c2\u00a0C4<\/td>\n<td>Henrik Holm 1792<\/td>\n<td>F4<\/td>\n<td>1<\/td>\n<td><\/td>\n<\/tr>\n<tr>\n<td>\u00c2\u00a0C5<\/td>\n<td>Peter Balslev 1735<\/td>\n<td>D5<\/td>\n<td>0<\/td>\n<td><\/td>\n<\/tr>\n<tr>\n<td>\u00c2\u00a0C6<\/td>\n<td>Torben W. Jensen 1667<\/td>\n<td>D6<\/td>\n<td>0<\/td>\n<td><\/td>\n<\/tr>\n<tr>\n<td>\u00c2\u00a0C7<\/td>\n<td>Rasmus Rabjerg 1625<\/td>\n<td>F7<\/td>\n<td>0<\/td>\n<td><\/td>\n<\/tr>\n<tr>\n<td>\u00c2\u00a0C8<\/td>\n<td>Sebastian Mariegaard 1478<\/td>\n<td>B8<\/td>\n<td>0<\/td>\n<td><\/td>\n<\/tr>\n<tr>\n<td>\u00c2\u00a0C9<\/td>\n<td>Micki Christoffersen 1377<\/td>\n<td>A9<\/td>\n<td>0<\/td>\n<td><\/td>\n<\/tr>\n<tr>\n<td>\u00c2\u00a0C10<\/td>\n<td>Afan Jahic 1330<\/td>\n<td>E10<\/td>\n<td>\u00bd<\/td>\n<td><\/td>\n<\/tr>\n<tr>\n<td><\/td>\n<td><\/td>\n<td><\/td>\n<td><strong>Summa:3\u00bd<\/strong><\/td>\n<td><\/td>\n<\/tr>\n<\/tbody>\n<\/table>\n<table style=\"width: 100%;\">\n<thead>\n<tr>\n<td style=\"width: 9.76027%;\">\u00c2\u00a0<strong>D<\/strong><\/td>\n<td style=\"width: 49.6575%;\"><strong>Helsingborgs Schackallians\u00c2\u00a0<\/strong><\/td>\n<td style=\"width: 21.9178%;\"><\/td>\n<td style=\"width: 16.2671%;\"><\/td>\n<td style=\"width: 2.39726%;\"><\/td>\n<\/tr>\n<\/thead>\n<tbody>\n<tr>\n<td style=\"width: 9.76027%;\"><\/td>\n<td style=\"width: 49.6575%;\">\u00c2\u00a0Spelare<\/td>\n<td style=\"width: 21.9178%;\">Motst\u00e5ndare<\/td>\n<td style=\"width: 16.2671%;\">Resultat<\/td>\n<td style=\"width: 2.39726%;\"><\/td>\n<\/tr>\n<tr>\n<td style=\"width: 9.76027%;\">\u00c2\u00a0D1<\/td>\n<td style=\"width: 49.6575%;\">Patrik Nilsson 2223<\/td>\n<td style=\"width: 21.9178%;\">F1<\/td>\n<td style=\"width: 16.2671%;\">1<\/td>\n<td style=\"width: 2.39726%;\"><\/td>\n<\/tr>\n<tr>\n<td style=\"width: 9.76027%;\">\u00c2\u00a0D2<\/td>\n<td style=\"width: 49.6575%;\">Tomas Rosell 2165<\/td>\n<td style=\"width: 21.9178%;\">E2<\/td>\n<td style=\"width: 16.2671%;\">0<\/td>\n<td style=\"width: 2.39726%;\"><\/td>\n<\/tr>\n<tr>\n<td style=\"width: 9.76027%;\">\u00c2\u00a0D3<\/td>\n<td style=\"width: 49.6575%;\">Anders Hansen 2056<\/td>\n<td style=\"width: 21.9178%;\">A3<\/td>\n<td style=\"width: 16.2671%;\">\u00bd<\/td>\n<td style=\"width: 2.39726%;\"><\/td>\n<\/tr>\n<tr>\n<td style=\"width: 9.76027%;\">\u00c2\u00a0D4<\/td>\n<td style=\"width: 49.6575%;\">Stefan H\u00e5kansson 2053<\/td>\n<td style=\"width: 21.9178%;\">B4<\/td>\n<td style=\"width: 16.2671%;\">0<\/td>\n<td style=\"width: 2.39726%;\"><\/td>\n<\/tr>\n<tr>\n<td style=\"width: 9.76027%;\">\u00c2\u00a0D5<\/td>\n<td style=\"width: 49.6575%;\">\u00c5ke Westin 2021<\/td>\n<td style=\"width: 21.9178%;\">C5<\/td>\n<td style=\"width: 16.2671%;\">1<\/td>\n<td style=\"width: 2.39726%;\"><\/td>\n<\/tr>\n<tr>\n<td style=\"width: 9.76027%;\">\u00c2\u00a0D6<\/td>\n<td style=\"width: 49.6575%;\">Tomas Szczepanowski 1877<\/td>\n<td style=\"width: 21.9178%;\">C6<\/td>\n<td style=\"width: 16.2671%;\">1<\/td>\n<td style=\"width: 2.39726%;\"><\/td>\n<\/tr>\n<tr>\n<td style=\"width: 9.76027%;\">\u00c2\u00a0D7<\/td>\n<td style=\"width: 49.6575%;\">Mats Liljenberg 1861<\/td>\n<td style=\"width: 21.9178%;\">B7<\/td>\n<td style=\"width: 16.2671%;\">1<\/td>\n<td style=\"width: 2.39726%;\"><\/td>\n<\/tr>\n<tr>\n<td style=\"width: 9.76027%;\">\u00c2\u00a0D8<\/td>\n<td style=\"width: 49.6575%;\">Idris Amin 1850<\/td>\n<td style=\"width: 21.9178%;\">A8<\/td>\n<td style=\"width: 16.2671%;\">1<\/td>\n<td style=\"width: 2.39726%;\"><\/td>\n<\/tr>\n<tr>\n<td style=\"width: 9.76027%;\">\u00c2\u00a0D9<\/td>\n<td style=\"width: 49.6575%;\">Steffen Juul 1787<\/td>\n<td style=\"width: 21.9178%;\">E9<\/td>\n<td style=\"width: 16.2671%;\">\u00bd<\/td>\n<td style=\"width: 2.39726%;\"><\/td>\n<\/tr>\n<tr>\n<td style=\"width: 9.76027%;\">\u00c2\u00a0D10<\/td>\n<td style=\"width: 49.6575%;\">Stefan Myrenfors 1627<\/td>\n<td style=\"width: 21.9178%;\">F10<\/td>\n<td style=\"width: 16.2671%;\">0<\/td>\n<td style=\"width: 2.39726%;\"><\/td>\n<\/tr>\n<tr>\n<td style=\"width: 9.76027%;\"><\/td>\n<td style=\"width: 49.6575%;\"><\/td>\n<td style=\"width: 21.9178%;\"><\/td>\n<td style=\"width: 16.2671%;\"><strong>Summa:6<\/strong><\/td>\n<td style=\"width: 2.39726%;\"><\/td>\n<\/tr>\n<\/tbody>\n<\/table>\n<table>\n<thead>\n<tr>\n<td>\u00c2\u00a0<strong>E<\/strong><\/td>\n<td><strong>Skakklubben Nordkalotten\u00c2\u00a0<\/strong><\/td>\n<td><\/td>\n<td><\/td>\n<td><\/td>\n<\/tr>\n<\/thead>\n<tbody>\n<tr>\n<td><\/td>\n<td>Spelare<\/td>\n<td>Motst\u00e5ndare<\/td>\n<td>Resultat<\/td>\n<td><\/td>\n<\/tr>\n<tr>\n<td>\u00c2\u00a0E1<\/td>\n<td>K\u00e5re Kristensen 2330<\/td>\n<td>C1<\/td>\n<td>\u00bd<\/td>\n<td><\/td>\n<\/tr>\n<tr>\n<td>\u00c2\u00a0E2<\/td>\n<td>Jacob Sylvan 2320<\/td>\n<td>D2<\/td>\n<td>1<\/td>\n<td><\/td>\n<\/tr>\n<tr>\n<td>\u00c2\u00a0E3<\/td>\n<td>Esben Hove 2316<\/td>\n<td>F3<\/td>\n<td>1<\/td>\n<td><\/td>\n<\/tr>\n<tr>\n<td>\u00c2\u00a0E4<\/td>\n<td>Peter Jakobsen 2274<\/td>\n<td>A4<\/td>\n<td>1<\/td>\n<td><\/td>\n<\/tr>\n<tr>\n<td>\u00c2\u00a0E5<\/td>\n<td>Lars Aaes Nielsen 2203<\/td>\n<td>B5<\/td>\n<td>1<\/td>\n<td><\/td>\n<\/tr>\n<tr>\n<td>\u00c2\u00a0E6<\/td>\n<td>Steen Andersen 1761<\/td>\n<td>B6<\/td>\n<td>0<\/td>\n<td><\/td>\n<\/tr>\n<tr>\n<td>\u00c2\u00a0E7<\/td>\n<td>Martin Stampe Noer 1740<\/td>\n<td>A7<\/td>\n<td>1<\/td>\n<td><\/td>\n<\/tr>\n<tr>\n<td>\u00c2\u00a0E8<\/td>\n<td>Rasmus Petersen<\/td>\n<td>F8<\/td>\n<td>0<\/td>\n<td><\/td>\n<\/tr>\n<tr>\n<td>\u00c2\u00a0E9<\/td>\n<td>Anders Kronberg 1628<\/td>\n<td>D9<\/td>\n<td>\u00bd<\/td>\n<td><\/td>\n<\/tr>\n<tr>\n<td>\u00c2\u00a0E10<\/td>\n<td>John Scholin 1072<\/td>\n<td>\u00c2\u00a0C10<\/td>\n<td>\u00bd<\/td>\n<td><\/td>\n<\/tr>\n<tr>\n<td><\/td>\n<td><\/td>\n<td><\/td>\n<td>\u00c2\u00a0<strong>Summa:6\u00bd<\/strong><\/td>\n<td><\/td>\n<\/tr>\n<\/tbody>\n<\/table>\n<table>\n<thead>\n<tr>\n<td>\u00c2\u00a0<strong>F<\/strong><\/td>\n<td><strong>Engelholms SK\u00c2\u00a0<\/strong><\/td>\n<td><\/td>\n<td><\/td>\n<td><\/td>\n<\/tr>\n<\/thead>\n<tbody>\n<tr>\n<td><\/td>\n<td>\u00c2\u00a0Spelare<\/td>\n<td>Motst\u00e5ndare<\/td>\n<td>Resultat<\/td>\n<td><\/td>\n<\/tr>\n<tr>\n<td>\u00c2\u00a0F1<\/td>\n<td>Bo Gustafsson 1992<\/td>\n<td>D1<\/td>\n<td>0<\/td>\n<td><\/td>\n<\/tr>\n<tr>\n<td>\u00c2\u00a0F2<\/td>\n<td>Peter Dalling 1824<\/td>\n<td>B2<\/td>\n<td>0<\/td>\n<td><\/td>\n<\/tr>\n<tr>\n<td>\u00c2\u00a0F3<\/td>\n<td>Kenneth Andersson 1674<\/td>\n<td>E3<\/td>\n<td>0<\/td>\n<td><\/td>\n<\/tr>\n<tr>\n<td>\u00c2\u00a0F4<\/td>\n<td>Jonas Wiberg 1652<\/td>\n<td>C4<\/td>\n<td>0<\/td>\n<td><\/td>\n<\/tr>\n<tr>\n<td>\u00c2\u00a0F5<\/td>\n<td>Viktor Lundberg 1616<\/td>\n<td>A5<\/td>\n<td>0<\/td>\n<td><\/td>\n<\/tr>\n<tr>\n<td>\u00c2\u00a0F6<\/td>\n<td>Jonas Aulin 1589<\/td>\n<td>A6<\/td>\n<td>1<\/td>\n<td><\/td>\n<\/tr>\n<tr>\n<td>\u00c2\u00a0F7<\/td>\n<td>Ulf Ringdahl 1419<\/td>\n<td>C7<\/td>\n<td>1<\/td>\n<td><\/td>\n<\/tr>\n<tr>\n<td>\u00c2\u00a0F8<\/td>\n<td>Lennart Lorentz<\/td>\n<td>\u00c2\u00a0E8<\/td>\n<td>1<\/td>\n<td><\/td>\n<\/tr>\n<tr>\n<td>\u00c2\u00a0F9<\/td>\n<td>Uno Karjevall<\/td>\n<td>B9<\/td>\n<td>0<\/td>\n<td><\/td>\n<\/tr>\n<tr>\n<td>\u00c2\u00a0F10<\/td>\n<td>Christian Wrennstad<\/td>\n<td>D10<\/td>\n<td>1<\/td>\n<td><\/td>\n<\/tr>\n<tr>\n<td><\/td>\n<td><\/td>\n<td><\/td>\n<td>\u00c2\u00a0<strong>Summa:4<\/strong><\/td>\n<td><\/td>\n<\/tr>\n<\/tbody>\n<\/table>\n","protected":false},"excerpt":{"rendered":"<p>Spelat i Helsingborg,Sverige den 29 september. Arrang\u00f6rer: Helsingborgs ASK och Helsingborgs SS. Regler. Resultat denna omg\u00e5ng. 1. Helsing\u00c3\u00b8r Skakklub 7 partipo\u00e4ng 2. Skakklubben Nordkalotten 6\u00bd 3. Helsingborgs Schackallians 6 4. Engelholms SK 4 5. Hiller\u00c3\u00b8d Skakklub 3\u00bd 6. \u00c5storps SS &hellip; <a href=\"https:\/\/www.nvssf.com\/forbundet\/resultat\/resultat-2019\/6-klubbsmatchen-2019\/\">Forts\u00e4tt l\u00e4sa <span class=\"meta-nav\">&rarr;<\/span><\/a><\/p>\n","protected":false},"author":2,"featured_media":0,"parent":7081,"menu_order":0,"comment_status":"closed","ping_status":"open","template":"sidebar-page.php","meta":{"_acf_changed":false,"footnotes":""},"acf":[],"_links":{"self":[{"href":"https:\/\/www.nvssf.com\/forbundet\/wp-json\/wp\/v2\/pages\/7804"}],"collection":[{"href":"https:\/\/www.nvssf.com\/forbundet\/wp-json\/wp\/v2\/pages"}],"about":[{"href":"https:\/\/www.nvssf.com\/forbundet\/wp-json\/wp\/v2\/types\/page"}],"author":[{"embeddable":true,"href":"https:\/\/www.nvssf.com\/forbundet\/wp-json\/wp\/v2\/users\/2"}],"replies":[{"embeddable":true,"href":"https:\/\/www.nvssf.com\/forbundet\/wp-json\/wp\/v2\/comments?post=7804"}],"version-history":[{"count":1,"href":"https:\/\/www.nvssf.com\/forbundet\/wp-json\/wp\/v2\/pages\/7804\/revisions"}],"predecessor-version":[{"id":7939,"href":"https:\/\/www.nvssf.com\/forbundet\/wp-json\/wp\/v2\/pages\/7804\/revisions\/7939"}],"up":[{"embeddable":true,"href":"https:\/\/www.nvssf.com\/forbundet\/wp-json\/wp\/v2\/pages\/7081"}],"wp:attachment":[{"href":"https:\/\/www.nvssf.com\/forbundet\/wp-json\/wp\/v2\/media?parent=7804"}],"curies":[{"name":"wp","href":"https:\/\/api.w.org\/{rel}","templated":true}]}}