{"id":8101,"date":"2019-12-07T09:48:38","date_gmt":"2019-12-07T08:48:38","guid":{"rendered":"http:\/\/www.nvssf.com\/forbundet\/?page_id=8101"},"modified":"2019-12-07T09:58:17","modified_gmt":"2019-12-07T08:58:17","slug":"senior-dm-2019","status":"publish","type":"page","link":"https:\/\/www.nvssf.com\/forbundet\/resultat\/resultat-2019\/senior-dm-2019\/","title":{"rendered":"Senior-DM 2019"},"content":{"rendered":"<p><strong>Spelform:<\/strong> 5 ronder Berger grupp 1. 5 ronder schweizer i grupp 2.<br \/>\n<strong>Spellokal:<\/strong> T\u00e4vlingen alternerade mellan f\u00f6ljande klubbars lokaler: Helsingborgs SS,<br \/>\n\u00c5storps SS,Klippans SK,Engelholms SK och Helsingborgs ASK.<br \/>\n<strong>Bet\u00e4nketid:<\/strong> 90 minuter + 30 sekunders inkrement\/drag<br \/>\nResultatsida SSF medlemssytem: <a href=\"https:\/\/member.schack.se\/ShowTournamentServlet?id=7439\" target=\"_blank\" rel=\"noopener noreferrer\">https:\/\/member.schack.se\/ShowTournamentServlet?id=7439<\/a><\/p>\n<h3>slutst\u00e4llning grupp 1<\/h3>\n<p><a href=\"https:\/\/www.nvssf.com\/forbundet\/wp-content\/uploads\/2019\/12\/TabellBergerSeniorDM2019gr1.png\"><img loading=\"lazy\" decoding=\"async\" class=\"alignleft size-full wp-image-8106\" src=\"https:\/\/www.nvssf.com\/forbundet\/wp-content\/uploads\/2019\/12\/TabellBergerSeniorDM2019gr1.png\" alt=\"\" width=\"717\" height=\"202\" srcset=\"https:\/\/www.nvssf.com\/forbundet\/wp-content\/uploads\/2019\/12\/TabellBergerSeniorDM2019gr1.png 717w, https:\/\/www.nvssf.com\/forbundet\/wp-content\/uploads\/2019\/12\/TabellBergerSeniorDM2019gr1-300x85.png 300w, https:\/\/www.nvssf.com\/forbundet\/wp-content\/uploads\/2019\/12\/TabellBergerSeniorDM2019gr1-150x42.png 150w, https:\/\/www.nvssf.com\/forbundet\/wp-content\/uploads\/2019\/12\/TabellBergerSeniorDM2019gr1-500x141.png 500w\" sizes=\"(max-width: 717px) 100vw, 717px\" \/><\/a><\/p>\n<h3>slutst\u00e4llning grupp 2<\/h3>\n<p><a href=\"https:\/\/www.nvssf.com\/forbundet\/wp-content\/uploads\/2019\/12\/TabellSeniorDM2019gr2.png\"><img loading=\"lazy\" decoding=\"async\" class=\"alignleft size-full wp-image-8105\" src=\"https:\/\/www.nvssf.com\/forbundet\/wp-content\/uploads\/2019\/12\/TabellSeniorDM2019gr2.png\" alt=\"\" width=\"758\" height=\"290\" srcset=\"https:\/\/www.nvssf.com\/forbundet\/wp-content\/uploads\/2019\/12\/TabellSeniorDM2019gr2.png 758w, https:\/\/www.nvssf.com\/forbundet\/wp-content\/uploads\/2019\/12\/TabellSeniorDM2019gr2-300x115.png 300w, https:\/\/www.nvssf.com\/forbundet\/wp-content\/uploads\/2019\/12\/TabellSeniorDM2019gr2-150x57.png 150w, https:\/\/www.nvssf.com\/forbundet\/wp-content\/uploads\/2019\/12\/TabellSeniorDM2019gr2-500x191.png 500w\" sizes=\"(max-width: 758px) 100vw, 758px\" \/><\/a><\/p>\n","protected":false},"excerpt":{"rendered":"<p>Spelform: 5 ronder Berger grupp 1. 5 ronder schweizer i grupp 2. Spellokal: T\u00e4vlingen alternerade mellan f\u00f6ljande klubbars lokaler: Helsingborgs SS, \u00c5storps SS,Klippans SK,Engelholms SK och Helsingborgs ASK. Bet\u00e4nketid: 90 minuter + 30 sekunders inkrement\/drag Resultatsida SSF medlemssytem: https:\/\/member.schack.se\/ShowTournamentServlet?id=7439 slutst\u00e4llning &hellip; <a href=\"https:\/\/www.nvssf.com\/forbundet\/resultat\/resultat-2019\/senior-dm-2019\/\">Forts\u00e4tt l\u00e4sa <span class=\"meta-nav\">&rarr;<\/span><\/a><\/p>\n","protected":false},"author":2,"featured_media":0,"parent":7081,"menu_order":0,"comment_status":"closed","ping_status":"open","template":"sidebar-page.php","meta":{"_acf_changed":false,"footnotes":""},"acf":[],"_links":{"self":[{"href":"https:\/\/www.nvssf.com\/forbundet\/wp-json\/wp\/v2\/pages\/8101"}],"collection":[{"href":"https:\/\/www.nvssf.com\/forbundet\/wp-json\/wp\/v2\/pages"}],"about":[{"href":"https:\/\/www.nvssf.com\/forbundet\/wp-json\/wp\/v2\/types\/page"}],"author":[{"embeddable":true,"href":"https:\/\/www.nvssf.com\/forbundet\/wp-json\/wp\/v2\/users\/2"}],"replies":[{"embeddable":true,"href":"https:\/\/www.nvssf.com\/forbundet\/wp-json\/wp\/v2\/comments?post=8101"}],"version-history":[{"count":1,"href":"https:\/\/www.nvssf.com\/forbundet\/wp-json\/wp\/v2\/pages\/8101\/revisions"}],"predecessor-version":[{"id":8109,"href":"https:\/\/www.nvssf.com\/forbundet\/wp-json\/wp\/v2\/pages\/8101\/revisions\/8109"}],"up":[{"embeddable":true,"href":"https:\/\/www.nvssf.com\/forbundet\/wp-json\/wp\/v2\/pages\/7081"}],"wp:attachment":[{"href":"https:\/\/www.nvssf.com\/forbundet\/wp-json\/wp\/v2\/media?parent=8101"}],"curies":[{"name":"wp","href":"https:\/\/api.w.org\/{rel}","templated":true}]}}