{"id":8996,"date":"2020-06-23T11:09:55","date_gmt":"2020-06-23T09:09:55","guid":{"rendered":"http:\/\/www.nvssf.com\/forbundet\/?page_id=8996"},"modified":"2020-07-23T19:22:07","modified_gmt":"2020-07-23T17:22:07","slug":"swedish-rapid-team-battle-div-ii-2020-sasong-2","status":"publish","type":"page","link":"https:\/\/www.nvssf.com\/forbundet\/resultat\/resultat-2020\/swedish-rapid-team-battle-div-ii-2020-sasong-2\/","title":{"rendered":"Swedish Rapid Team Battle Div II &#038; III 2020 s\u00e4song 2"},"content":{"rendered":"<p><a href=\"https:\/\/www.nvssf.com\/forbundet\/wp-content\/uploads\/2020\/05\/swedishrapidteambattle-logga.png\"><img loading=\"lazy\" decoding=\"async\" class=\"aligncenter size-thumbnail wp-image-8775\" src=\"https:\/\/www.nvssf.com\/forbundet\/wp-content\/uploads\/2020\/05\/swedishrapidteambattle-logga-150x84.png\" alt=\"\" width=\"150\" height=\"84\" srcset=\"https:\/\/www.nvssf.com\/forbundet\/wp-content\/uploads\/2020\/05\/swedishrapidteambattle-logga-150x84.png 150w, https:\/\/www.nvssf.com\/forbundet\/wp-content\/uploads\/2020\/05\/swedishrapidteambattle-logga-300x169.png 300w, https:\/\/www.nvssf.com\/forbundet\/wp-content\/uploads\/2020\/05\/swedishrapidteambattle-logga-500x281.png 500w, https:\/\/www.nvssf.com\/forbundet\/wp-content\/uploads\/2020\/05\/swedishrapidteambattle-logga.png 588w\" sizes=\"(max-width: 150px) 100vw, 150px\" \/><\/a><br \/>\nBet\u00e4nketid: 10 min + 2 sekunders increment.<\/p>\n<p>Spelplats: <a href=\"https:\/\/lichess.org\/\" target=\"_blank\" rel=\"noopener noreferrer\">https:\/\/lichess.org\/<\/a><\/p>\n<p>| <a href=\"https:\/\/www.nvssf.com\/forbundet\/wp-content\/uploads\/2020\/07\/sctbRapidDiv2_3_S2_2020_v4.pgn\" target=\"_blank\" rel=\"noopener noreferrer\">Partier Div II &amp; III<\/a> |<\/p>\n<h3>Slutst\u00e4llning Rapid<\/h3>\n<p><a href=\"https:\/\/www.nvssf.com\/forbundet\/wp-content\/uploads\/2020\/07\/SlutstallningTabellRapid.jpg\"><img loading=\"lazy\" decoding=\"async\" class=\"alignleft size-full wp-image-9064\" src=\"https:\/\/www.nvssf.com\/forbundet\/wp-content\/uploads\/2020\/07\/SlutstallningTabellRapid.jpg\" alt=\"Tabeller Rapid s\u00e4song 2\" width=\"720\" height=\"548\" srcset=\"https:\/\/www.nvssf.com\/forbundet\/wp-content\/uploads\/2020\/07\/SlutstallningTabellRapid.jpg 720w, https:\/\/www.nvssf.com\/forbundet\/wp-content\/uploads\/2020\/07\/SlutstallningTabellRapid-300x228.jpg 300w, https:\/\/www.nvssf.com\/forbundet\/wp-content\/uploads\/2020\/07\/SlutstallningTabellRapid-150x114.jpg 150w, https:\/\/www.nvssf.com\/forbundet\/wp-content\/uploads\/2020\/07\/SlutstallningTabellRapid-394x300.jpg 394w\" sizes=\"(max-width: 720px) 100vw, 720px\" \/><\/a><\/p>\n<p>&nbsp;<\/p>\n<p><strong>Po\u00e4ngber\u00e4kning:<\/strong><br \/>\nEttan: 12 po\u00e4ng<br \/>\nTv\u00e5an: 10 po\u00e4ng.<br \/>\nTrean: 8 po\u00e4ng.<br \/>\nFyran: 7 po\u00e4ng.<br \/>\nFemman: 6 po\u00e4ng.<br \/>\nSexan: 5 po\u00e4ng.<br \/>\nSjuan: 4 po\u00e4ng.<br \/>\n\u00c5ttan: 3 po\u00e4ng.<br \/>\nNian: 2 po\u00e4ng.<br \/>\nTian: 1 po\u00e4ng.<\/p>\n<p>&nbsp;<\/p>\n","protected":false},"excerpt":{"rendered":"<p>Bet\u00e4nketid: 10 min + 2 sekunders increment. Spelplats: https:\/\/lichess.org\/ | Partier Div II &amp; III | Slutst\u00e4llning Rapid &nbsp; Po\u00e4ngber\u00e4kning: Ettan: 12 po\u00e4ng Tv\u00e5an: 10 po\u00e4ng. Trean: 8 po\u00e4ng. Fyran: 7 po\u00e4ng. Femman: 6 po\u00e4ng. Sexan: 5 po\u00e4ng. Sjuan: 4 &hellip; <a href=\"https:\/\/www.nvssf.com\/forbundet\/resultat\/resultat-2020\/swedish-rapid-team-battle-div-ii-2020-sasong-2\/\">Forts\u00e4tt l\u00e4sa <span class=\"meta-nav\">&rarr;<\/span><\/a><\/p>\n","protected":false},"author":2,"featured_media":0,"parent":8234,"menu_order":0,"comment_status":"closed","ping_status":"open","template":"","meta":{"_acf_changed":false,"footnotes":""},"acf":[],"_links":{"self":[{"href":"https:\/\/www.nvssf.com\/forbundet\/wp-json\/wp\/v2\/pages\/8996"}],"collection":[{"href":"https:\/\/www.nvssf.com\/forbundet\/wp-json\/wp\/v2\/pages"}],"about":[{"href":"https:\/\/www.nvssf.com\/forbundet\/wp-json\/wp\/v2\/types\/page"}],"author":[{"embeddable":true,"href":"https:\/\/www.nvssf.com\/forbundet\/wp-json\/wp\/v2\/users\/2"}],"replies":[{"embeddable":true,"href":"https:\/\/www.nvssf.com\/forbundet\/wp-json\/wp\/v2\/comments?post=8996"}],"version-history":[{"count":1,"href":"https:\/\/www.nvssf.com\/forbundet\/wp-json\/wp\/v2\/pages\/8996\/revisions"}],"predecessor-version":[{"id":9066,"href":"https:\/\/www.nvssf.com\/forbundet\/wp-json\/wp\/v2\/pages\/8996\/revisions\/9066"}],"up":[{"embeddable":true,"href":"https:\/\/www.nvssf.com\/forbundet\/wp-json\/wp\/v2\/pages\/8234"}],"wp:attachment":[{"href":"https:\/\/www.nvssf.com\/forbundet\/wp-json\/wp\/v2\/media?parent=8996"}],"curies":[{"name":"wp","href":"https:\/\/api.w.org\/{rel}","templated":true}]}}