{"id":9265,"date":"2020-09-28T10:43:45","date_gmt":"2020-09-28T08:43:45","guid":{"rendered":"http:\/\/www.nvssf.com\/forbundet\/?page_id=9265"},"modified":"2020-09-28T13:27:04","modified_gmt":"2020-09-28T11:27:04","slug":"scandic-helsingborg-nord-open-september","status":"publish","type":"page","link":"https:\/\/www.nvssf.com\/forbundet\/resultat\/resultat-2020\/scandic-helsingborg-nord-open-september\/","title":{"rendered":"Scandic Helsingborg Nord Open september"},"content":{"rendered":"<p><strong>Arrang\u00f6r:<\/strong> <a href=\"https:\/\/hask.nu\/\" target=\"_blank\" rel=\"noopener noreferrer\">Helsingborgs ASK<\/a><\/p>\n<p><strong>Spellokal:<\/strong> <a href=\"https:\/\/www.scandichotels.se\/hotell\/sverige\/helsingborg\/scandic-helsingborg-nord\" target=\"_blank\" rel=\"noopener noreferrer\">Hotell Scandic Helsingborg Nord<\/a><\/p>\n<p><strong>Bet\u00e4nketid:<\/strong> 90 minuter + 30 sekunders inkrement fr\u00e5n drag 1.<\/p>\n<p><strong>Spelformat:<\/strong> 4-manna bergergrupper indelade efter ranking<\/p>\n<h3>resultat<\/h3>\n<p><a href=\"https:\/\/www.nvssf.com\/forbundet\/wp-content\/uploads\/2020\/09\/Scandicsept2020Bergertabellgr1.png\"><img loading=\"lazy\" decoding=\"async\" class=\"alignleft size-full wp-image-9267\" src=\"https:\/\/www.nvssf.com\/forbundet\/wp-content\/uploads\/2020\/09\/Scandicsept2020Bergertabellgr1.png\" alt=\"\" width=\"570\" height=\"244\" srcset=\"https:\/\/www.nvssf.com\/forbundet\/wp-content\/uploads\/2020\/09\/Scandicsept2020Bergertabellgr1.png 570w, https:\/\/www.nvssf.com\/forbundet\/wp-content\/uploads\/2020\/09\/Scandicsept2020Bergertabellgr1-300x128.png 300w, https:\/\/www.nvssf.com\/forbundet\/wp-content\/uploads\/2020\/09\/Scandicsept2020Bergertabellgr1-150x64.png 150w, https:\/\/www.nvssf.com\/forbundet\/wp-content\/uploads\/2020\/09\/Scandicsept2020Bergertabellgr1-500x214.png 500w\" sizes=\"(max-width: 570px) 100vw, 570px\" \/><\/a><\/p>\n<p><a href=\"https:\/\/www.nvssf.com\/forbundet\/wp-content\/uploads\/2020\/09\/Scandicsept2020Bergertabellgr2.png\"><img loading=\"lazy\" decoding=\"async\" class=\"alignleft size-full wp-image-9268\" src=\"https:\/\/www.nvssf.com\/forbundet\/wp-content\/uploads\/2020\/09\/Scandicsept2020Bergertabellgr2.png\" alt=\"\" width=\"525\" height=\"257\" srcset=\"https:\/\/www.nvssf.com\/forbundet\/wp-content\/uploads\/2020\/09\/Scandicsept2020Bergertabellgr2.png 525w, https:\/\/www.nvssf.com\/forbundet\/wp-content\/uploads\/2020\/09\/Scandicsept2020Bergertabellgr2-300x147.png 300w, https:\/\/www.nvssf.com\/forbundet\/wp-content\/uploads\/2020\/09\/Scandicsept2020Bergertabellgr2-150x73.png 150w, https:\/\/www.nvssf.com\/forbundet\/wp-content\/uploads\/2020\/09\/Scandicsept2020Bergertabellgr2-500x245.png 500w\" sizes=\"(max-width: 525px) 100vw, 525px\" \/><\/a><\/p>\n<p><a href=\"https:\/\/www.nvssf.com\/forbundet\/wp-content\/uploads\/2020\/09\/Scandicsept2020Bergertabellgr3.png\"><img loading=\"lazy\" decoding=\"async\" class=\"alignleft size-full wp-image-9269\" src=\"https:\/\/www.nvssf.com\/forbundet\/wp-content\/uploads\/2020\/09\/Scandicsept2020Bergertabellgr3.png\" alt=\"\" width=\"523\" height=\"251\" srcset=\"https:\/\/www.nvssf.com\/forbundet\/wp-content\/uploads\/2020\/09\/Scandicsept2020Bergertabellgr3.png 523w, https:\/\/www.nvssf.com\/forbundet\/wp-content\/uploads\/2020\/09\/Scandicsept2020Bergertabellgr3-300x144.png 300w, https:\/\/www.nvssf.com\/forbundet\/wp-content\/uploads\/2020\/09\/Scandicsept2020Bergertabellgr3-150x72.png 150w, https:\/\/www.nvssf.com\/forbundet\/wp-content\/uploads\/2020\/09\/Scandicsept2020Bergertabellgr3-500x240.png 500w\" sizes=\"(max-width: 523px) 100vw, 523px\" \/><\/a><\/p>\n<p><a href=\"https:\/\/www.nvssf.com\/forbundet\/wp-content\/uploads\/2020\/09\/Scandicsept2020Bergertabellgr4.png\"><img loading=\"lazy\" decoding=\"async\" class=\"alignleft size-full wp-image-9270\" src=\"https:\/\/www.nvssf.com\/forbundet\/wp-content\/uploads\/2020\/09\/Scandicsept2020Bergertabellgr4.png\" alt=\"\" width=\"545\" height=\"252\" srcset=\"https:\/\/www.nvssf.com\/forbundet\/wp-content\/uploads\/2020\/09\/Scandicsept2020Bergertabellgr4.png 545w, https:\/\/www.nvssf.com\/forbundet\/wp-content\/uploads\/2020\/09\/Scandicsept2020Bergertabellgr4-300x139.png 300w, https:\/\/www.nvssf.com\/forbundet\/wp-content\/uploads\/2020\/09\/Scandicsept2020Bergertabellgr4-150x69.png 150w, https:\/\/www.nvssf.com\/forbundet\/wp-content\/uploads\/2020\/09\/Scandicsept2020Bergertabellgr4-500x231.png 500w\" sizes=\"(max-width: 545px) 100vw, 545px\" \/><\/a><\/p>\n","protected":false},"excerpt":{"rendered":"<p>Arrang\u00f6r: Helsingborgs ASK Spellokal: Hotell Scandic Helsingborg Nord Bet\u00e4nketid: 90 minuter + 30 sekunders inkrement fr\u00e5n drag 1. Spelformat: 4-manna bergergrupper indelade efter ranking resultat<\/p>\n","protected":false},"author":2,"featured_media":0,"parent":8234,"menu_order":0,"comment_status":"closed","ping_status":"open","template":"sidebar-page.php","meta":{"_acf_changed":false,"footnotes":""},"acf":[],"_links":{"self":[{"href":"https:\/\/www.nvssf.com\/forbundet\/wp-json\/wp\/v2\/pages\/9265"}],"collection":[{"href":"https:\/\/www.nvssf.com\/forbundet\/wp-json\/wp\/v2\/pages"}],"about":[{"href":"https:\/\/www.nvssf.com\/forbundet\/wp-json\/wp\/v2\/types\/page"}],"author":[{"embeddable":true,"href":"https:\/\/www.nvssf.com\/forbundet\/wp-json\/wp\/v2\/users\/2"}],"replies":[{"embeddable":true,"href":"https:\/\/www.nvssf.com\/forbundet\/wp-json\/wp\/v2\/comments?post=9265"}],"version-history":[{"count":1,"href":"https:\/\/www.nvssf.com\/forbundet\/wp-json\/wp\/v2\/pages\/9265\/revisions"}],"predecessor-version":[{"id":9280,"href":"https:\/\/www.nvssf.com\/forbundet\/wp-json\/wp\/v2\/pages\/9265\/revisions\/9280"}],"up":[{"embeddable":true,"href":"https:\/\/www.nvssf.com\/forbundet\/wp-json\/wp\/v2\/pages\/8234"}],"wp:attachment":[{"href":"https:\/\/www.nvssf.com\/forbundet\/wp-json\/wp\/v2\/media?parent=9265"}],"curies":[{"name":"wp","href":"https:\/\/api.w.org\/{rel}","templated":true}]}}