{"id":9806,"date":"2021-03-21T10:03:11","date_gmt":"2021-03-21T09:03:11","guid":{"rendered":"http:\/\/www.nvssf.com\/forbundet\/?page_id=9806"},"modified":"2021-03-29T12:22:21","modified_gmt":"2021-03-29T10:22:21","slug":"lista-med-nordvastskanska-spelare-pa-lichess","status":"publish","type":"page","link":"https:\/\/www.nvssf.com\/forbundet\/lista-med-nordvastskanska-spelare-pa-lichess\/","title":{"rendered":"Lista med Nordv\u00e4stsk\u00e5nska spelare p\u00e5 Lichess"},"content":{"rendered":"<p>Denna lista \u00e4r l\u00e5ngt ifr\u00e5n komplett och kommer att fyllas p\u00e5 efterhand. Om n\u00e5gon som vill vara anonym p\u00e5 lichess och r\u00e5kar ha kommit med p\u00e5 denna sida f\u00e5r maila webmaster(at)nvssf.com s\u00e5 plockar jag bort dig.<\/p>\n\n<table id=\"tablepress-128\" class=\"tablepress tablepress-id-128\">\n<thead>\n<tr class=\"row-1\">\n\t<th class=\"column-1\">Lichess namn<\/th><th class=\"column-2\">Namn<\/th><th class=\"column-3\">Klubb<\/th>\n<\/tr>\n<\/thead>\n<tbody class=\"row-striping row-hover\">\n<tr class=\"row-2\">\n\t<td class=\"column-1\">rnfrnf<\/td><td class=\"column-2\">Frank Ravn<\/td><td class=\"column-3\">Engelholms SK<\/td>\n<\/tr>\n<tr class=\"row-3\">\n\t<td class=\"column-1\">Hexxxagon<\/td><td class=\"column-2\">Per-Olof Gromark<\/td><td class=\"column-3\">Engelholms SK<\/td>\n<\/tr>\n<tr class=\"row-4\">\n\t<td class=\"column-1\">Dostojevskij<\/td><td class=\"column-2\">Peter Dalling<\/td><td class=\"column-3\">Engelholms SK<\/td>\n<\/tr>\n<tr class=\"row-5\">\n\t<td class=\"column-1\">Susell<\/td><td class=\"column-2\">Susanne Ellerstrand<\/td><td class=\"column-3\">Engelholms SK<\/td>\n<\/tr>\n<tr class=\"row-6\">\n\t<td class=\"column-1\">Jingskog<\/td><td class=\"column-2\">Viktor Lundberg<\/td><td class=\"column-3\">Engelholms SK<\/td>\n<\/tr>\n<tr class=\"row-7\">\n\t<td class=\"column-1\">Milesd<\/td><td class=\"column-2\">Anders Hansen<\/td><td class=\"column-3\">Helsingborgs ASK<\/td>\n<\/tr>\n<tr class=\"row-8\">\n\t<td class=\"column-1\">Caijan<\/td><td class=\"column-2\">Cai Jussila<\/td><td class=\"column-3\">Helsingborgs ASK<\/td>\n<\/tr>\n<tr class=\"row-9\">\n\t<td class=\"column-1\">DanielMena<\/td><td class=\"column-2\">Daniel Mena<\/td><td class=\"column-3\">Helsingborgs ASK<\/td>\n<\/tr>\n<tr class=\"row-10\">\n\t<td class=\"column-1\">Qapi<\/td><td class=\"column-2\">Eric Nordin<\/td><td class=\"column-3\">Helsingborgs ASK<\/td>\n<\/tr>\n<tr class=\"row-11\">\n\t<td class=\"column-1\">erikhelsingborg<\/td><td class=\"column-2\">Erik Lundstr\u00f6m<\/td><td class=\"column-3\">Helsingborgs ASK<\/td>\n<\/tr>\n<tr class=\"row-12\">\n\t<td class=\"column-1\">Benoniexperten<\/td><td class=\"column-2\">Filip Jonsson<\/td><td class=\"column-3\">Helsingborgs ASK<\/td>\n<\/tr>\n<tr class=\"row-13\">\n\t<td class=\"column-1\">gaithtabba<\/td><td class=\"column-2\">Ghayth Tabaa<\/td><td class=\"column-3\">Helsingborgs ASK<\/td>\n<\/tr>\n<tr class=\"row-14\">\n\t<td class=\"column-1\">HogerOmari<\/td><td class=\"column-2\">Hoger Omari<\/td><td class=\"column-3\">Helsingborgs ASK<\/td>\n<\/tr>\n<tr class=\"row-15\">\n\t<td class=\"column-1\">Issam_k<\/td><td class=\"column-2\">Issam Kayali<\/td><td class=\"column-3\">Helsingborgs ASK<\/td>\n<\/tr>\n<tr class=\"row-16\">\n\t<td class=\"column-1\">Jacob_Jorgren<\/td><td class=\"column-2\">Jacob J\u00f6rgren<\/td><td class=\"column-3\">Helsingborgs ASK<\/td>\n<\/tr>\n<tr class=\"row-17\">\n\t<td class=\"column-1\">Bennybomstaerk<\/td><td class=\"column-2\">Jacob Sylvan<\/td><td class=\"column-3\">Helsingborgs ASK<\/td>\n<\/tr>\n<tr class=\"row-18\">\n\t<td class=\"column-1\">Joko10<\/td><td class=\"column-2\">Jokubas Sauklys<\/td><td class=\"column-3\">Helsingborgs ASK<\/td>\n<\/tr>\n<tr class=\"row-19\">\n\t<td class=\"column-1\">Magnus_Kullberg<\/td><td class=\"column-2\">Magnus Kullberg<\/td><td class=\"column-3\">Helsingborgs ASK<\/td>\n<\/tr>\n<tr class=\"row-20\">\n\t<td class=\"column-1\">Majed_ctb<\/td><td class=\"column-2\">Majed Al-Fakhr<\/td><td class=\"column-3\">Helsingborgs ASK<\/td>\n<\/tr>\n<tr class=\"row-21\">\n\t<td class=\"column-1\">GTIN<\/td><td class=\"column-2\">Marcus Karlsson<\/td><td class=\"column-3\">Helsingborgs ASK<\/td>\n<\/tr>\n<tr class=\"row-22\">\n\t<td class=\"column-1\">ok_buddy<\/td><td class=\"column-2\">Markus Mena<\/td><td class=\"column-3\">Helsingborgs ASK<\/td>\n<\/tr>\n<tr class=\"row-23\">\n\t<td class=\"column-1\">MilleMont<\/td><td class=\"column-2\">Mille Montelin<\/td><td class=\"column-3\">Helsingborgs ASK<\/td>\n<\/tr>\n<tr class=\"row-24\">\n\t<td class=\"column-1\">Finnen78<\/td><td class=\"column-2\">Patrik Nilsson<\/td><td class=\"column-3\">Helsingborgs ASK<\/td>\n<\/tr>\n<tr class=\"row-25\">\n\t<td class=\"column-1\">PeterRothman<\/td><td class=\"column-2\">Peter Rothman<\/td><td class=\"column-3\">Helsingborgs ASK<\/td>\n<\/tr>\n<tr class=\"row-26\">\n\t<td class=\"column-1\">RonnyBlomdahl<\/td><td class=\"column-2\">Ronny Blomdahl<\/td><td class=\"column-3\">Helsingborgs ASK<\/td>\n<\/tr>\n<tr class=\"row-27\">\n\t<td class=\"column-1\">Schackarias<\/td><td class=\"column-2\">Sackarias Jussila<\/td><td class=\"column-3\">Helsingborgs ASK<\/td>\n<\/tr>\n<tr class=\"row-28\">\n\t<td class=\"column-1\">Steffohask<\/td><td class=\"column-2\">Stefan H\u00e5kansson<\/td><td class=\"column-3\">Helsingborgs ASK<\/td>\n<\/tr>\n<tr class=\"row-29\">\n\t<td class=\"column-1\">DataExperten<\/td><td class=\"column-2\">Stefan Lupeskovic<\/td><td class=\"column-3\">Helsingborgs ASK<\/td>\n<\/tr>\n<tr class=\"row-30\">\n\t<td class=\"column-1\">tessan394<\/td><td class=\"column-2\">Tess Jussila<\/td><td class=\"column-3\">Helsingborgs ASK<\/td>\n<\/tr>\n<tr class=\"row-31\">\n\t<td class=\"column-1\">Whitedancingrockstar<\/td><td class=\"column-2\">Valentin Derdic<\/td><td class=\"column-3\">Helsingborgs ASK<\/td>\n<\/tr>\n<tr class=\"row-32\">\n\t<td class=\"column-1\">Ronaldo59<\/td><td class=\"column-2\">Idris Amin<\/td><td class=\"column-3\">Helsingborgs ASK<\/td>\n<\/tr>\n<tr class=\"row-33\">\n\t<td class=\"column-1\">o-s-t-e-n<\/td><td class=\"column-2\">Bengt Andersson<\/td><td class=\"column-3\">Helsingborgs SS<\/td>\n<\/tr>\n<tr class=\"row-34\">\n\t<td class=\"column-1\">asolmar<\/td><td class=\"column-2\">Birger Persson<\/td><td class=\"column-3\">Helsingborgs SS<\/td>\n<\/tr>\n<tr class=\"row-35\">\n\t<td class=\"column-1\">hubbaklubbar<\/td><td class=\"column-2\">Dam Binh Quang<\/td><td class=\"column-3\">Helsingborgs SS<\/td>\n<\/tr>\n<tr class=\"row-36\">\n\t<td class=\"column-1\">Pacho_med_skjortan<\/td><td class=\"column-2\">Filip Aulin<\/td><td class=\"column-3\">Helsingborgs SS<\/td>\n<\/tr>\n<tr class=\"row-37\">\n\t<td class=\"column-1\">Saeter<\/td><td class=\"column-2\">Fredrik Sievert<\/td><td class=\"column-3\">Helsingborgs SS<\/td>\n<\/tr>\n<tr class=\"row-38\">\n\t<td class=\"column-1\">aCBX<\/td><td class=\"column-2\">Jonas Aulin<\/td><td class=\"column-3\">Helsingborgs SS<\/td>\n<\/tr>\n<tr class=\"row-39\">\n\t<td class=\"column-1\">tummen56<\/td><td class=\"column-2\">Mats Karlsson<\/td><td class=\"column-3\">Helsingborgs SS<\/td>\n<\/tr>\n<tr class=\"row-40\">\n\t<td class=\"column-1\">summer2013<\/td><td class=\"column-2\">Paul Cronholm<\/td><td class=\"column-3\">Helsingborgs SS<\/td>\n<\/tr>\n<tr class=\"row-41\">\n\t<td class=\"column-1\">RolfL<\/td><td class=\"column-2\">Rolf Lundqvist<\/td><td class=\"column-3\">Helsingborgs SS<\/td>\n<\/tr>\n<tr class=\"row-42\">\n\t<td class=\"column-1\">ernfrid<\/td><td class=\"column-2\">Ronny S\u00f6rensson<\/td><td class=\"column-3\">Helsingborgs SS<\/td>\n<\/tr>\n<tr class=\"row-43\">\n\t<td class=\"column-1\">Sekiago<\/td><td class=\"column-2\">Sejfo Agovic<\/td><td class=\"column-3\">Helsingborgs SS<\/td>\n<\/tr>\n<tr class=\"row-44\">\n\t<td class=\"column-1\">Madejj<\/td><td class=\"column-2\">Tomasz Szczepanowski<\/td><td class=\"column-3\">Helsingborgs SS<\/td>\n<\/tr>\n<tr class=\"row-45\">\n\t<td class=\"column-1\">eggis<\/td><td class=\"column-2\">Tore Bengtsson<\/td><td class=\"column-3\">Helsingborgs SS<\/td>\n<\/tr>\n<tr class=\"row-46\">\n\t<td class=\"column-1\">platschquatsch<\/td><td class=\"column-2\">Volker Sarodnick<\/td><td class=\"column-3\">Helsingborgs SS<\/td>\n<\/tr>\n<tr class=\"row-47\">\n\t<td class=\"column-1\">selfrid<\/td><td class=\"column-2\">\u00c5ke Westin<\/td><td class=\"column-3\">Helsingborgs SS<\/td>\n<\/tr>\n<tr class=\"row-48\">\n\t<td class=\"column-1\">Marwan7184<\/td><td class=\"column-2\">Martin Anders\u00e9n<\/td><td class=\"column-3\">Landskrona SK<\/td>\n<\/tr>\n<tr class=\"row-49\">\n\t<td class=\"column-1\">holomanolo<\/td><td class=\"column-2\">Mikael Svensson<\/td><td class=\"column-3\">Landskrona SK<\/td>\n<\/tr>\n<tr class=\"row-50\">\n\t<td class=\"column-1\">laxxa<\/td><td class=\"column-2\">Lars Persson<\/td><td class=\"column-3\">Skromberga ASS<\/td>\n<\/tr>\n<tr class=\"row-51\">\n\t<td class=\"column-1\">internetvictor<\/td><td class=\"column-2\">Victor Gerdau<\/td><td class=\"column-3\">Skromberga ASS<\/td>\n<\/tr>\n<\/tbody>\n<\/table>\n<!-- #tablepress-128 from cache -->\n","protected":false},"excerpt":{"rendered":"<p>Denna lista \u00e4r l\u00e5ngt ifr\u00e5n komplett och kommer att fyllas p\u00e5 efterhand. Om n\u00e5gon som vill vara anonym p\u00e5 lichess och r\u00e5kar ha kommit med p\u00e5 denna sida f\u00e5r maila webmaster(at)nvssf.com s\u00e5 plockar jag bort dig.<\/p>\n","protected":false},"author":2,"featured_media":0,"parent":0,"menu_order":0,"comment_status":"closed","ping_status":"open","template":"sidebar-page.php","meta":{"_acf_changed":false,"footnotes":""},"acf":[],"_links":{"self":[{"href":"https:\/\/www.nvssf.com\/forbundet\/wp-json\/wp\/v2\/pages\/9806"}],"collection":[{"href":"https:\/\/www.nvssf.com\/forbundet\/wp-json\/wp\/v2\/pages"}],"about":[{"href":"https:\/\/www.nvssf.com\/forbundet\/wp-json\/wp\/v2\/types\/page"}],"author":[{"embeddable":true,"href":"https:\/\/www.nvssf.com\/forbundet\/wp-json\/wp\/v2\/users\/2"}],"replies":[{"embeddable":true,"href":"https:\/\/www.nvssf.com\/forbundet\/wp-json\/wp\/v2\/comments?post=9806"}],"version-history":[{"count":1,"href":"https:\/\/www.nvssf.com\/forbundet\/wp-json\/wp\/v2\/pages\/9806\/revisions"}],"predecessor-version":[{"id":9890,"href":"https:\/\/www.nvssf.com\/forbundet\/wp-json\/wp\/v2\/pages\/9806\/revisions\/9890"}],"wp:attachment":[{"href":"https:\/\/www.nvssf.com\/forbundet\/wp-json\/wp\/v2\/media?parent=9806"}],"curies":[{"name":"wp","href":"https:\/\/api.w.org\/{rel}","templated":true}]}}