{"id":14950,"date":"2025-08-12T19:24:05","date_gmt":"2025-08-12T17:24:05","guid":{"rendered":"https:\/\/www.nvssf.com\/forbundet\/?post_type=tribe_events&#038;p=14950"},"modified":"2025-08-12T19:35:46","modified_gmt":"2025-08-12T17:35:46","slug":"dam-sm-i-blixt-och-snabbschack","status":"publish","type":"tribe_events","link":"https:\/\/www.nvssf.com\/forbundet\/event\/dam-sm-i-blixt-och-snabbschack\/","title":{"rendered":"Dam-SM i blixt och snabbschack, Link\u00f6ping"},"content":{"rendered":"<p>Dam-SM i blixt och snabbschack spelas den 13-14 december i Link\u00f6pings.<br \/>\nDam-SM i blixt spelas p\u00e5 f\u00f6rmiddagen den 13:e december.<br \/>\nDam-SM i snabbschack p\u00e5 eftermiddagen den 13:e och den 14:e december.<br \/>\nHela inbjudan finns\u00a0<a href=\"https:\/\/schack.se\/wp-content\/uploads\/2025\/08\/Dam-SM-2025-Inbjudan-officiell.pdf\" target=\"_blank\" rel=\"noopener\">h\u00e4r<\/a>.<\/p>\n","protected":false},"excerpt":{"rendered":"<p>Dam-SM i blixt och snabbschack spelas den 13-14 december i Link\u00f6pings. Dam-SM i blixt spelas p\u00e5 f\u00f6rmiddagen den 13:e december. Dam-SM i snabbschack p\u00e5 eftermiddagen den 13:e och den 14:e december. Hela inbjudan finns\u00a0h\u00e4r.<\/p>\n","protected":false},"author":9,"featured_media":0,"comment_status":"closed","ping_status":"closed","template":"","meta":{"_acf_changed":false,"_tribe_events_status":"","_tribe_events_status_reason":""},"tags":[],"tribe_events_cat":[282],"acf":[],"_links":{"self":[{"href":"https:\/\/www.nvssf.com\/forbundet\/wp-json\/wp\/v2\/tribe_events\/14950"}],"collection":[{"href":"https:\/\/www.nvssf.com\/forbundet\/wp-json\/wp\/v2\/tribe_events"}],"about":[{"href":"https:\/\/www.nvssf.com\/forbundet\/wp-json\/wp\/v2\/types\/tribe_events"}],"author":[{"embeddable":true,"href":"https:\/\/www.nvssf.com\/forbundet\/wp-json\/wp\/v2\/users\/9"}],"replies":[{"embeddable":true,"href":"https:\/\/www.nvssf.com\/forbundet\/wp-json\/wp\/v2\/comments?post=14950"}],"version-history":[{"count":2,"href":"https:\/\/www.nvssf.com\/forbundet\/wp-json\/wp\/v2\/tribe_events\/14950\/revisions"}],"predecessor-version":[{"id":14954,"href":"https:\/\/www.nvssf.com\/forbundet\/wp-json\/wp\/v2\/tribe_events\/14950\/revisions\/14954"}],"wp:attachment":[{"href":"https:\/\/www.nvssf.com\/forbundet\/wp-json\/wp\/v2\/media?parent=14950"}],"wp:term":[{"taxonomy":"post_tag","embeddable":true,"href":"https:\/\/www.nvssf.com\/forbundet\/wp-json\/wp\/v2\/tags?post=14950"},{"taxonomy":"tribe_events_cat","embeddable":true,"href":"https:\/\/www.nvssf.com\/forbundet\/wp-json\/wp\/v2\/tribe_events_cat?post=14950"}],"curies":[{"name":"wp","href":"https:\/\/api.w.org\/{rel}","templated":true}]}}

Dam-SM i blixt och snabbschack, Linköping

<p>Dam-SM i blixt och snabbschack spelas den 13-14 december i Linköpings.<br />
Dam-SM i blixt spelas på förmiddagen den 13:e december.<br />
Dam-SM i snabbschack på eftermiddagen den 13:e och den 14:e december.<br />
Hela inbjudan finns <a href="https://schack.se/wp-content/uploads/2025/08/Dam-SM-2025-Inbjudan-officiell.pdf" target="_blank" rel="noopener">här</a>.</p>

<p>Dam-SM i blixt och snabbschack spelas den 13-14 december i Linköpings. Dam-SM i blixt spelas på förmiddagen den 13:e december. Dam-SM i snabbschack på eftermiddagen den 13:e och den 14:e december. Hela inbjudan finns här.</p>
