{"id":15148,"date":"2025-11-24T13:44:14","date_gmt":"2025-11-24T12:44:14","guid":{"rendered":"https:\/\/www.nvssf.com\/forbundet\/?post_type=tribe_events&#038;p=15148"},"modified":"2025-11-24T13:44:14","modified_gmt":"2025-11-24T12:44:14","slug":"snabb-sm-for-knattar-och-miniorer","status":"publish","type":"tribe_events","link":"https:\/\/www.nvssf.com\/forbundet\/event\/snabb-sm-for-knattar-och-miniorer\/","title":{"rendered":"Snabb-SM f\u00f6r knattar och miniorer"},"content":{"rendered":"<p>Snabb-SM f\u00f6r knattar och miniorer spelas den 21 mars 2026 i V\u00e4ster\u00e5s. \u00c5ldersklassen f\u00f6r miniorer \u00e4r barn f\u00f6dda 2013-2015 och knatteklassen \u00e4r f\u00f6r barn f\u00f6dda 2016 och senare.<br \/>\nInbjudan finns <a href=\"https:\/\/schack.se\/wp-content\/uploads\/2025\/11\/Inbjudan-Snabbschacks-SM-for-knattar-och-miniorer-2026-officiell.pdf\" target=\"_blank\" rel=\"noopener\">h\u00e4r<\/a>.<br \/>\nAnm\u00e4lan g\u00f6rs <a href=\"https:\/\/member.schack.se\/turnering\/6213\/anmalan\" target=\"_blank\" rel=\"noopener\">h\u00e4r<\/a>.<\/p>\n","protected":false},"excerpt":{"rendered":"<p>Snabb-SM f\u00f6r knattar och miniorer spelas den 21 mars 2026 i V\u00e4ster\u00e5s. \u00c5ldersklassen f\u00f6r miniorer \u00e4r barn f\u00f6dda 2013-2015 och knatteklassen \u00e4r f\u00f6r barn f\u00f6dda 2016 och senare. Inbjudan finns h\u00e4r. Anm\u00e4lan g\u00f6rs h\u00e4r.<\/p>\n","protected":false},"author":9,"featured_media":0,"comment_status":"closed","ping_status":"closed","template":"","meta":{"_acf_changed":false,"_tribe_events_status":"","_tribe_events_status_reason":""},"tags":[],"tribe_events_cat":[88,274],"acf":[],"_links":{"self":[{"href":"https:\/\/www.nvssf.com\/forbundet\/wp-json\/wp\/v2\/tribe_events\/15148"}],"collection":[{"href":"https:\/\/www.nvssf.com\/forbundet\/wp-json\/wp\/v2\/tribe_events"}],"about":[{"href":"https:\/\/www.nvssf.com\/forbundet\/wp-json\/wp\/v2\/types\/tribe_events"}],"author":[{"embeddable":true,"href":"https:\/\/www.nvssf.com\/forbundet\/wp-json\/wp\/v2\/users\/9"}],"replies":[{"embeddable":true,"href":"https:\/\/www.nvssf.com\/forbundet\/wp-json\/wp\/v2\/comments?post=15148"}],"version-history":[{"count":1,"href":"https:\/\/www.nvssf.com\/forbundet\/wp-json\/wp\/v2\/tribe_events\/15148\/revisions"}],"predecessor-version":[{"id":15150,"href":"https:\/\/www.nvssf.com\/forbundet\/wp-json\/wp\/v2\/tribe_events\/15148\/revisions\/15150"}],"wp:attachment":[{"href":"https:\/\/www.nvssf.com\/forbundet\/wp-json\/wp\/v2\/media?parent=15148"}],"wp:term":[{"taxonomy":"post_tag","embeddable":true,"href":"https:\/\/www.nvssf.com\/forbundet\/wp-json\/wp\/v2\/tags?post=15148"},{"taxonomy":"tribe_events_cat","embeddable":true,"href":"https:\/\/www.nvssf.com\/forbundet\/wp-json\/wp\/v2\/tribe_events_cat?post=15148"}],"curies":[{"name":"wp","href":"https:\/\/api.w.org\/{rel}","templated":true}]}}

Snabb-SM för knattar och miniorer

<p>Snabb-SM för knattar och miniorer spelas den 21 mars 2026 i Västerås. Åldersklassen för miniorer är barn födda 2013-2015 och knatteklassen är för barn födda 2016 och senare.<br />
Inbjudan finns <a href="https://schack.se/wp-content/uploads/2025/11/Inbjudan-Snabbschacks-SM-for-knattar-och-miniorer-2026-officiell.pdf" target="_blank" rel="noopener">här</a>.<br />
Anmälan görs <a href="https://member.schack.se/turnering/6213/anmalan" target="_blank" rel="noopener">här</a>.</p>

<p>Snabb-SM för knattar och miniorer spelas den 21 mars 2026 i Västerås. Åldersklassen för miniorer är barn födda 2013-2015 och knatteklassen är för barn födda 2016 och senare. Inbjudan finns här. Anmälan görs här.</p>
