{"id":15274,"date":"2026-01-25T02:35:07","date_gmt":"2026-01-25T01:35:07","guid":{"rendered":"https:\/\/www.nvssf.com\/forbundet\/?post_type=tribe_events&#038;p=15274"},"modified":"2026-01-25T02:35:07","modified_gmt":"2026-01-25T01:35:07","slug":"distriktsfinal-schackfyran","status":"publish","type":"tribe_events","link":"https:\/\/www.nvssf.com\/forbundet\/event\/distriktsfinal-schackfyran\/","title":{"rendered":"Distriktsfinal Schackfyran"},"content":{"rendered":"<p>Fredagen den 27:e mars spelas \u00e5rets distriktsfinal i schackfyran. T\u00e4vlingen spelas p\u00e5<br \/>\nIdrottens hus (Helsingborg) i B-hallen. Hela inbjudan finns <a href=\"https:\/\/www.nvssf.com\/forbundet\/wp-content\/uploads\/2026\/01\/Inbjudan-S4-final-2026.pdf\" target=\"_blank\" rel=\"noopener\">h\u00e4r<\/a>.<\/p>\n","protected":false},"excerpt":{"rendered":"<p>Fredagen den 27:e mars spelas \u00e5rets distriktsfinal i schackfyran. T\u00e4vlingen spelas p\u00e5 Idrottens hus (Helsingborg) i B-hallen. Hela inbjudan finns h\u00e4r.<\/p>\n","protected":false},"author":9,"featured_media":0,"comment_status":"closed","ping_status":"closed","template":"","meta":{"_acf_changed":false,"_tribe_events_status":"","_tribe_events_status_reason":""},"tags":[],"tribe_events_cat":[29],"acf":[],"_links":{"self":[{"href":"https:\/\/www.nvssf.com\/forbundet\/wp-json\/wp\/v2\/tribe_events\/15274"}],"collection":[{"href":"https:\/\/www.nvssf.com\/forbundet\/wp-json\/wp\/v2\/tribe_events"}],"about":[{"href":"https:\/\/www.nvssf.com\/forbundet\/wp-json\/wp\/v2\/types\/tribe_events"}],"author":[{"embeddable":true,"href":"https:\/\/www.nvssf.com\/forbundet\/wp-json\/wp\/v2\/users\/9"}],"replies":[{"embeddable":true,"href":"https:\/\/www.nvssf.com\/forbundet\/wp-json\/wp\/v2\/comments?post=15274"}],"version-history":[{"count":1,"href":"https:\/\/www.nvssf.com\/forbundet\/wp-json\/wp\/v2\/tribe_events\/15274\/revisions"}],"predecessor-version":[{"id":15275,"href":"https:\/\/www.nvssf.com\/forbundet\/wp-json\/wp\/v2\/tribe_events\/15274\/revisions\/15275"}],"wp:attachment":[{"href":"https:\/\/www.nvssf.com\/forbundet\/wp-json\/wp\/v2\/media?parent=15274"}],"wp:term":[{"taxonomy":"post_tag","embeddable":true,"href":"https:\/\/www.nvssf.com\/forbundet\/wp-json\/wp\/v2\/tags?post=15274"},{"taxonomy":"tribe_events_cat","embeddable":true,"href":"https:\/\/www.nvssf.com\/forbundet\/wp-json\/wp\/v2\/tribe_events_cat?post=15274"}],"curies":[{"name":"wp","href":"https:\/\/api.w.org\/{rel}","templated":true}]}}

<p>Fredagen den 27:e mars spelas årets distriktsfinal i schackfyran. Tävlingen spelas på<br />
Idrottens hus (Helsingborg) i B-hallen. Hela inbjudan finns <a href="https://www.nvssf.com/forbundet/wp-content/uploads/2026/01/Inbjudan-S4-final-2026.pdf" target="_blank" rel="noopener">här</a>.</p>

<p>Fredagen den 27:e mars spelas årets distriktsfinal i schackfyran. Tävlingen spelas på Idrottens hus (Helsingborg) i B-hallen. Hela inbjudan finns här.</p>
